Last updated on 2025-11-26 03:52:08 CET.
| Flavor | Version | Tinstall | Tcheck | Ttotal | Status | Flags |
|---|---|---|---|---|---|---|
| r-devel-linux-x86_64-debian-clang | 1.0.4.2 | 2.11 | 29.41 | 31.52 | OK | |
| r-devel-linux-x86_64-debian-gcc | 1.0.4.2 | 1.52 | 23.65 | 25.17 | OK | |
| r-devel-linux-x86_64-fedora-clang | 1.0.4.2 | 47.17 | OK | |||
| r-devel-linux-x86_64-fedora-gcc | 1.0.4.2 | 57.50 | OK | |||
| r-devel-windows-x86_64 | 1.0.4.2 | 5.00 | 65.00 | 70.00 | OK | |
| r-patched-linux-x86_64 | 1.0.4.2 | 2.04 | 28.01 | 30.05 | OK | |
| r-release-linux-x86_64 | 1.0.4.2 | 1.95 | 27.73 | 29.68 | OK | |
| r-release-macos-arm64 | 1.0.4.2 | OK | ||||
| r-release-macos-x86_64 | 1.0.4.2 | 2.00 | 54.00 | 56.00 | OK | |
| r-release-windows-x86_64 | 1.0.4.2 | 5.00 | 73.00 | 78.00 | OK | |
| r-oldrel-macos-arm64 | 1.0.4.2 | NOTE | ||||
| r-oldrel-macos-x86_64 | 1.0.4.2 | 2.00 | 49.00 | 51.00 | NOTE | |
| r-oldrel-windows-x86_64 | 1.0.4.2 | 4.00 | 68.00 | 72.00 | NOTE |
Version: 1.0.4.2
Check: LazyData
Result: NOTE
'LazyData' is specified without a 'data' directory
Flavors: r-oldrel-macos-arm64, r-oldrel-macos-x86_64, r-oldrel-windows-x86_64