Last updated on 2025-07-18 03:51:05 CEST.
Flavor | Version | Tinstall | Tcheck | Ttotal | Status | Flags |
---|---|---|---|---|---|---|
r-devel-linux-x86_64-debian-clang | 11.4 | 37.02 | 176.47 | 213.49 | OK | |
r-devel-linux-x86_64-debian-gcc | 11.4.1 | 27.38 | 110.77 | 138.15 | OK | |
r-devel-linux-x86_64-fedora-clang | 11.4.1 | 328.36 | OK | |||
r-devel-linux-x86_64-fedora-gcc | 11.4.1 | 310.55 | OK | |||
r-devel-windows-x86_64 | 11.4 | 55.00 | 184.00 | 239.00 | OK | |
r-patched-linux-x86_64 | 11.4.1 | 38.35 | 145.03 | 183.38 | OK | |
r-release-linux-x86_64 | 11.4 | 37.39 | 147.08 | 184.47 | OK | |
r-release-macos-arm64 | 11.4 | 95.00 | OK | |||
r-release-macos-x86_64 | 11.4.1 | 169.00 | OK | |||
r-release-windows-x86_64 | 11.4.1 | 46.00 | 187.00 | 233.00 | OK | |
r-oldrel-macos-arm64 | 11.4 | 93.00 | NOTE | |||
r-oldrel-macos-x86_64 | 11.4.1 | 171.00 | NOTE | |||
r-oldrel-windows-x86_64 | 11.4.1 | 65.00 | 212.00 | 277.00 | NOTE |
Version: 11.4
Check: for GNU extensions in Makefiles
Result: NOTE
GNU make is a SystemRequirements.
Flavor: r-oldrel-macos-arm64
Version: 11.4.1
Check: for GNU extensions in Makefiles
Result: NOTE
GNU make is a SystemRequirements.
Flavors: r-oldrel-macos-x86_64, r-oldrel-windows-x86_64