Last updated on 2025-11-04 03:50:59 CET.
| Flavor | Version | Tinstall | Tcheck | Ttotal | Status | Flags | 
|---|---|---|---|---|---|---|
| r-devel-linux-x86_64-debian-clang | 0.2.5 | 9.93 | 112.50 | 122.43 | OK | |
| r-devel-linux-x86_64-debian-gcc | 0.2.5 | 5.68 | 75.66 | 81.34 | OK | |
| r-devel-linux-x86_64-fedora-clang | 0.2.6 | 39.00 | 162.39 | 201.39 | OK | |
| r-devel-linux-x86_64-fedora-gcc | 0.2.6 | 31.00 | 160.13 | 191.13 | OK | |
| r-devel-windows-x86_64 | 0.2.6 | 19.00 | 140.00 | 159.00 | OK | |
| r-patched-linux-x86_64 | 0.2.5 | 9.63 | 102.17 | 111.80 | OK | |
| r-release-linux-x86_64 | 0.2.5 | 9.81 | 103.54 | 113.35 | OK | |
| r-release-macos-arm64 | 0.2.6 | 4.00 | 45.00 | 49.00 | OK | |
| r-release-macos-x86_64 | 0.2.6 | 10.00 | 99.00 | 109.00 | OK | |
| r-release-windows-x86_64 | 0.2.5 | 13.00 | 119.00 | 132.00 | OK | |
| r-oldrel-macos-arm64 | 0.2.6 | 8.00 | 69.00 | 77.00 | NOTE | |
| r-oldrel-macos-x86_64 | 0.2.6 | 17.00 | 114.00 | 131.00 | NOTE | |
| r-oldrel-windows-x86_64 | 0.2.5 | 15.00 | 153.00 | 168.00 | NOTE | 
Version: 0.2.6
Check: package dependencies
Result: NOTE
  Package which this enhances but not available for checking: ‘simpar’
Flavors: r-oldrel-macos-arm64, r-oldrel-macos-x86_64
Version: 0.2.5
Check: package dependencies
Result: NOTE
  Package which this enhances but not available for checking: 'simpar'
Flavor: r-oldrel-windows-x86_64