Last updated on 2025-07-19 03:48:39 CEST.
Flavor | Version | Tinstall | Tcheck | Ttotal | Status | Flags |
---|---|---|---|---|---|---|
r-devel-linux-x86_64-debian-clang | 0.1.5 | 4.04 | 53.07 | 57.11 | NOTE | |
r-devel-linux-x86_64-debian-gcc | 0.1.5 | 3.40 | 37.50 | 40.90 | NOTE | |
r-devel-linux-x86_64-fedora-clang | 0.1.5 | 90.30 | OK | |||
r-devel-linux-x86_64-fedora-gcc | 0.1.5 | 102.02 | OK | |||
r-devel-windows-x86_64 | 0.1.5 | 5.00 | 67.00 | 72.00 | OK | |
r-patched-linux-x86_64 | 0.1.5 | 5.12 | 50.46 | 55.58 | OK | |
r-release-linux-x86_64 | 0.1.5 | 4.13 | 51.04 | 55.17 | OK | |
r-release-macos-arm64 | 0.1.5 | 36.00 | OK | |||
r-release-macos-x86_64 | 0.1.5 | 67.00 | OK | |||
r-release-windows-x86_64 | 0.1.5 | 5.00 | 68.00 | 73.00 | OK | |
r-oldrel-macos-arm64 | 0.1.5 | 31.00 | OK | |||
r-oldrel-macos-x86_64 | 0.1.5 | 49.00 | OK | |||
r-oldrel-windows-x86_64 | 0.1.5 | 7.00 | 84.00 | 91.00 | OK |
Version: 0.1.5
Check: CRAN incoming feasibility
Result: NOTE
Maintainer: ‘Zeus Gracia-Tabuenca <zgtabuenca@comunidad.unam.mx>’
Package CITATION file contains call(s) to old-style personList() or
as.personList(). Please use c() on person objects instead.
Package CITATION file contains call(s) to old-style citEntry(). Please
use bibentry() instead.
Flavors: r-devel-linux-x86_64-debian-clang, r-devel-linux-x86_64-debian-gcc