Last updated on 2025-05-03 03:52:04 CEST.
Flavor | Version | Tinstall | Tcheck | Ttotal | Status | Flags |
---|---|---|---|---|---|---|
r-devel-linux-x86_64-debian-clang | 1.1 | 8.12 | 66.13 | 74.25 | NOTE | |
r-devel-linux-x86_64-debian-gcc | 1.1 | 5.93 | 48.79 | 54.72 | NOTE | |
r-devel-linux-x86_64-fedora-clang | 1.1 | 113.87 | OK | |||
r-devel-linux-x86_64-fedora-gcc | 1.1 | 108.65 | OK | |||
r-devel-windows-x86_64 | 1.1 | 9.00 | 83.00 | 92.00 | OK | |
r-patched-linux-x86_64 | 1.1 | 8.56 | 62.64 | 71.20 | OK | |
r-release-linux-x86_64 | OK | |||||
r-release-macos-arm64 | 1.1 | 35.00 | OK | |||
r-release-macos-x86_64 | 1.1 | 67.00 | OK | |||
r-release-windows-x86_64 | 1.1 | 9.00 | 76.00 | 85.00 | OK | |
r-oldrel-macos-arm64 | 1.1 | 33.00 | OK | |||
r-oldrel-macos-x86_64 | 1.1 | 49.00 | OK | |||
r-oldrel-windows-x86_64 | 1.1 | 11.00 | 91.00 | 102.00 | OK |
Version: 1.1
Check: CRAN incoming feasibility
Result: NOTE
Maintainer: ‘Mohammed Sedki <mohammed.sedki@u-psud.fr>’
No Authors@R field in DESCRIPTION.
Please add one, modifying
Authors@R: c(person(given = "Matthieu",
family = "Marbac",
role = "aut"),
person(given = "Mohammed",
family = "Sedki",
role = c("aut", "cre"),
email = "mohammed.sedki@u-psud.fr"))
as necessary.
Flavors: r-devel-linux-x86_64-debian-clang, r-devel-linux-x86_64-debian-gcc
Version: 1.1
Check: examples
Result: NOTE
Examples with CPU time > 2.5 times elapsed time
user system elapsed ratio
MvBinaryExample 0.915 0.109 0.006 170.667
Flavor: r-devel-linux-x86_64-debian-gcc