Last updated on 2025-10-31 02:50:37 CET.
| Flavor | Version | Tinstall | Tcheck | Ttotal | Status | Flags | 
|---|---|---|---|---|---|---|
| r-devel-linux-x86_64-debian-clang | 0.2.0 | 1.94 | 36.20 | 38.14 | NOTE | |
| r-devel-linux-x86_64-debian-gcc | 0.2.0 | 1.76 | 25.86 | 27.62 | NOTE | |
| r-devel-linux-x86_64-fedora-clang | 0.2.0 | 63.28 | OK | |||
| r-devel-linux-x86_64-fedora-gcc | 0.2.0 | 54.86 | OK | |||
| r-devel-windows-x86_64 | 0.2.0 | 3.00 | 51.00 | 54.00 | OK | |
| r-patched-linux-x86_64 | 0.2.0 | 1.77 | 34.43 | 36.20 | OK | |
| r-release-linux-x86_64 | 0.2.0 | 1.98 | 34.73 | 36.71 | OK | |
| r-release-macos-arm64 | 0.2.0 | 1.00 | 21.00 | 22.00 | OK | |
| r-release-macos-x86_64 | 0.2.0 | 2.00 | 34.00 | 36.00 | OK | |
| r-release-windows-x86_64 | 0.2.0 | 4.00 | 56.00 | 60.00 | OK | |
| r-oldrel-macos-arm64 | 0.2.0 | 1.00 | 19.00 | 20.00 | OK | |
| r-oldrel-macos-x86_64 | 0.2.0 | 2.00 | 28.00 | 30.00 | OK | |
| r-oldrel-windows-x86_64 | 0.2.0 | 5.00 | 63.00 | 68.00 | OK | 
Version: 0.2.0
Check: CRAN incoming feasibility
Result: NOTE
  Maintainer: ‘Pedro Araujo <pharaujo1094@gmail.com>’
  
  No Authors@R field in DESCRIPTION.
  Please add one, modifying
    Authors@R: c(person(given = c("Pedro", "Araujo", "Gustavo", "Lacerda", "<gustavolacerdas@gmail.com>", "Peter", "C.B.", "Phillips", "<peter.phillips@yale.edu>", "Shu-Ping", "Shi"),
                        family = "<shuping.shi@mq.edu.au>",
                        role = "aut",
                        email = "shuping.shi@mq.edu.au"),
                 person(given = "Pedro",
                        family = "Araujo",
                        role = "cre",
                        email = "pharaujo1094@gmail.com"))
  as necessary.
  
  Found the following \keyword or \concept entries
  which likely give several index terms:
    File ‘sadf.Rd’:
      \keyword{AugmentedDickey-FullerTest,}
Flavors: r-devel-linux-x86_64-debian-clang, r-devel-linux-x86_64-debian-gcc