Last updated on 2025-05-05 03:50:26 CEST.
Flavor | Version | Tinstall | Tcheck | Ttotal | Status | Flags |
---|---|---|---|---|---|---|
r-devel-linux-x86_64-debian-clang | 1.2 | 1.69 | 16.52 | 18.21 | NOTE | |
r-devel-linux-x86_64-debian-gcc | 1.2 | 1.43 | 13.73 | 15.16 | NOTE | |
r-devel-linux-x86_64-fedora-clang | 1.2 | 28.64 | OK | |||
r-devel-linux-x86_64-fedora-gcc | 1.2 | 27.46 | OK | |||
r-devel-windows-x86_64 | 1.2 | 2.00 | 34.00 | 36.00 | OK | |
r-patched-linux-x86_64 | 1.2 | 1.45 | 15.85 | 17.30 | OK | |
r-release-linux-x86_64 | 1.2 | 1.80 | 15.79 | 17.59 | OK | |
r-release-macos-arm64 | 1.2 | 16.00 | OK | |||
r-release-macos-x86_64 | 1.2 | 33.00 | OK | |||
r-release-windows-x86_64 | 1.2 | 4.00 | 35.00 | 39.00 | OK | |
r-oldrel-macos-arm64 | 1.2 | 13.00 | OK | |||
r-oldrel-macos-x86_64 | 1.2 | 30.00 | OK | |||
r-oldrel-windows-x86_64 | 1.2 | 2.00 | 35.00 | 37.00 | OK |
Version: 1.2
Check: CRAN incoming feasibility
Result: NOTE
Maintainer: ‘Pablo J. Villacorta <pjvi@decsai.ugr.es>’
No Authors@R field in DESCRIPTION.
Please add one, modifying
Authors@R: person(given = c("Pablo", "J."),
family = "Villacorta",
role = c("aut", "cre"),
email = "pjvi@decsai.ugr.es")
as necessary.
Flavors: r-devel-linux-x86_64-debian-clang, r-devel-linux-x86_64-debian-gcc