Last updated on 2025-05-06 03:51:09 CEST.
Flavor | Version | Tinstall | Tcheck | Ttotal | Status | Flags |
---|---|---|---|---|---|---|
r-devel-linux-x86_64-debian-clang | 0.1.1 | 1.62 | 18.75 | 20.37 | NOTE | |
r-devel-linux-x86_64-debian-gcc | 0.1.1 | 1.50 | 15.23 | 16.73 | NOTE | |
r-devel-linux-x86_64-fedora-clang | 0.1.1 | 31.30 | OK | |||
r-devel-linux-x86_64-fedora-gcc | 0.1.1 | 30.46 | OK | |||
r-devel-windows-x86_64 | 0.1.1 | 3.00 | 39.00 | 42.00 | OK | |
r-patched-linux-x86_64 | 0.1.1 | 1.89 | 18.10 | 19.99 | OK | |
r-release-linux-x86_64 | 0.1.1 | 1.62 | 17.98 | 19.60 | OK | |
r-release-macos-arm64 | 0.1.1 | 18.00 | OK | |||
r-release-macos-x86_64 | 0.1.1 | 37.00 | OK | |||
r-release-windows-x86_64 | 0.1.1 | 5.00 | 41.00 | 46.00 | OK | |
r-oldrel-macos-arm64 | 0.1.1 | 14.00 | OK | |||
r-oldrel-macos-x86_64 | 0.1.1 | 29.00 | OK | |||
r-oldrel-windows-x86_64 | 0.1.1 | 3.00 | 40.00 | 43.00 | OK |
Version: 0.1.1
Check: CRAN incoming feasibility
Result: NOTE
Maintainer: ‘"Markus Loecher" <markus.loecher@gmail.com>’
No Authors@R field in DESCRIPTION.
Please add one, modifying
Authors@R: c(person(given = "\"Markus",
family = "Loecher",
role = c("aut", "cre"),
email = "markus.loecher@gmail.com"),
person(given = c("Berlin", "School", "of"),
family = "Economics",
role = "aut"),
person(family = "Law\"",
role = "aut",
email = "markus.loecher@gmail.com",
comment = "BSEL"))
as necessary.
Flavors: r-devel-linux-x86_64-debian-clang, r-devel-linux-x86_64-debian-gcc