CRAN Package Check Results for Package MultEq

Last updated on 2025-11-23 03:48:51 CET.

Flavor Version Tinstall Tcheck Ttotal Status Flags
r-devel-linux-x86_64-debian-clang 2.4 2.49 22.86 25.35 NOTE
r-devel-linux-x86_64-debian-gcc 2.4 1.69 18.89 20.58 NOTE
r-devel-linux-x86_64-fedora-clang 2.4 37.98 NOTE
r-devel-windows-x86_64 2.4 6.00 40.00 46.00 NOTE
r-patched-linux-x86_64 2.4 2.58 21.43 24.01 NOTE
r-release-linux-x86_64 2.4 2.38 21.42 23.80 NOTE
r-release-macos-arm64 2.4 NOTE
r-release-macos-x86_64 2.4 3.00 41.00 44.00 NOTE
r-release-windows-x86_64 2.4 4.00 57.00 61.00 NOTE
r-oldrel-macos-arm64 2.4 NOTE
r-oldrel-macos-x86_64 2.4 4.00 39.00 43.00 NOTE
r-oldrel-windows-x86_64 2.4 3.00 42.00 45.00 NOTE

Check Details

Version: 2.4
Check: CRAN incoming feasibility
Result: NOTE Maintainer: ‘Mario Hasler <hasler@email.uni-kiel.de>’ No Authors@R field in DESCRIPTION. Please add one, modifying Authors@R: person(given = "Mario", family = "Hasler", role = c("aut", "cre"), email = "hasler@email.uni-kiel.de") as necessary. Flavors: r-devel-linux-x86_64-debian-clang, r-devel-linux-x86_64-debian-gcc

Version: 2.4
Check: Rd files
Result: NOTE checkRd: (-1) MultEq-package.Rd:26-27: Lost braces in \itemize; meant \describe ? checkRd: (-1) MultEq-package.Rd:28-29: Lost braces in \itemize; meant \describe ? checkRd: (-1) MultEq-package.Rd:30: Lost braces in \itemize; meant \describe ? Flavors: r-devel-linux-x86_64-debian-clang, r-devel-linux-x86_64-debian-gcc, r-devel-linux-x86_64-fedora-clang, r-devel-windows-x86_64, r-patched-linux-x86_64, r-release-linux-x86_64, r-release-macos-arm64, r-release-macos-x86_64, r-release-windows-x86_64, r-oldrel-macos-arm64, r-oldrel-macos-x86_64, r-oldrel-windows-x86_64