Last updated on 2025-05-06 03:51:08 CEST.
Flavor | Version | Tinstall | Tcheck | Ttotal | Status | Flags |
---|---|---|---|---|---|---|
r-devel-linux-x86_64-debian-clang | 0.14.2 | 62.88 | 738.11 | 800.99 | OK | |
r-devel-linux-x86_64-debian-gcc | 0.14.2 | 46.13 | 518.37 | 564.50 | OK | |
r-devel-linux-x86_64-fedora-clang | 0.14.2 | 1291.44 | OK | |||
r-devel-linux-x86_64-fedora-gcc | 0.14.2 | 1201.48 | OK | |||
r-devel-windows-x86_64 | 0.14.2 | 62.00 | 690.00 | 752.00 | OK | |
r-patched-linux-x86_64 | 0.14.2 | 57.48 | 693.88 | 751.36 | OK | |
r-release-linux-x86_64 | 0.14.2 | 57.96 | 687.94 | 745.90 | OK | |
r-release-macos-arm64 | 0.14.2 | 281.00 | OK | |||
r-release-macos-x86_64 | 0.14.2 | 550.00 | OK | |||
r-release-windows-x86_64 | 0.14.2 | 60.00 | 694.00 | 754.00 | OK | |
r-oldrel-macos-arm64 | 0.14.2 | 288.00 | OK | |||
r-oldrel-macos-x86_64 | 0.14.2 | 417.00 | NOTE | |||
r-oldrel-windows-x86_64 | 0.14.2 | 77.00 | 912.00 | 989.00 | OK |
Version: 0.14.2
Check: package dependencies
Result: NOTE
Packages suggested but not available for checking: 'ANCOMBC', 'mia'
Flavor: r-oldrel-macos-x86_64
Version: 0.14.2
Check: Rd cross-references
Result: NOTE
Package unavailable to check Rd xrefs: ‘ANCOMBC’
Flavor: r-oldrel-macos-x86_64