Last updated on 2025-10-31 02:50:36 CET.
| Flavor | Version | Tinstall | Tcheck | Ttotal | Status | Flags | 
|---|---|---|---|---|---|---|
| r-devel-linux-x86_64-debian-clang | 2.0.0 | 32.25 | 341.40 | 373.65 | NOTE | |
| r-devel-linux-x86_64-debian-gcc | 2.0.0 | 20.82 | 216.12 | 236.94 | NOTE | |
| r-devel-linux-x86_64-fedora-clang | 2.0.0 | 83.00 | 513.60 | 596.60 | NOTE | |
| r-devel-linux-x86_64-fedora-gcc | 2.0.0 | 184.00 | 441.14 | 625.14 | NOTE | |
| r-devel-windows-x86_64 | 2.0.0 | 32.00 | 300.00 | 332.00 | NOTE | |
| r-patched-linux-x86_64 | 2.0.0 | 36.27 | 326.39 | 362.66 | NOTE | |
| r-release-linux-x86_64 | 2.0.0 | 33.84 | 324.30 | 358.14 | NOTE | |
| r-release-macos-arm64 | 2.0.0 | 15.00 | 128.00 | 143.00 | NOTE | |
| r-release-macos-x86_64 | 2.0.0 | 29.00 | 283.00 | 312.00 | NOTE | |
| r-release-windows-x86_64 | 2.0.0 | 32.00 | 312.00 | 344.00 | NOTE | |
| r-oldrel-macos-arm64 | 2.0.0 | 12.00 | 119.00 | 131.00 | NOTE | |
| r-oldrel-macos-x86_64 | 2.0.0 | 20.00 | 198.00 | 218.00 | NOTE | |
| r-oldrel-windows-x86_64 | 2.0.0 | 46.00 | 414.00 | 460.00 | NOTE | 
Version: 2.0.0
Check: CRAN incoming feasibility
Result: NOTE
  Maintainer: ‘Frederico Mestre <mestre.frederico@gmail.com>’
  
  No Authors@R field in DESCRIPTION.
  Please add one, modifying
    Authors@R: c(person(given = "Frederico",
                        family = "Mestre",
                        role = c("aut", "cre"),
                        email = "mestre.frederico@gmail.com"),
                 person(given = "Fernando",
                        family = "Canovas",
                        role = "aut"),
                 person(given = "Benjamin",
                        family = "Risk",
                        role = "aut"),
                 person(given = "Ricardo",
                        family = "Pita",
                        role = "aut"),
                 person(given = "Antonio",
                        family = "Mira",
                        role = "aut"),
                 person(given = "Pedro",
                        family = "Beja.",
                        role = "aut"))
  as necessary.
  
  Package CITATION file contains call(s) to old-style personList() or
  as.personList().  Please use c() on person objects instead.
  Package CITATION file contains call(s) to old-style citEntry().  Please
  use bibentry() instead.
Flavors: r-devel-linux-x86_64-debian-clang, r-devel-linux-x86_64-debian-gcc
Version: 2.0.0
Check: Rd files
Result: NOTE
  checkRd: (-1) MetaLandSim-package.Rd:34-40: Only 2 columns allowed in this table (row 5 has 1)
  checkRd: (-1) rland.graph.Rd:27: Lost braces in \itemize; \value handles \item{}{} directly
  checkRd: (-1) rland.graph.Rd:28: Lost braces in \itemize; \value handles \item{}{} directly
  checkRd: (-1) rland.graph.Rd:29: Lost braces in \itemize; \value handles \item{}{} directly
  checkRd: (-1) rland.graph.Rd:30: Lost braces in \itemize; \value handles \item{}{} directly
  checkRd: (-1) rland.graph.Rd:31: Lost braces in \itemize; \value handles \item{}{} directly
  checkRd: (-1) rland.graph.Rd:32: Lost braces in \itemize; \value handles \item{}{} directly
  checkRd: (-1) rland.graph.Rd:33-34: Lost braces in \itemize; \value handles \item{}{} directly
Flavors: r-devel-linux-x86_64-debian-clang, r-devel-linux-x86_64-debian-gcc, r-devel-linux-x86_64-fedora-clang, r-devel-linux-x86_64-fedora-gcc
Version: 2.0.0
Check: Rd files
Result: NOTE
  checkRd: (-1) rland.graph.Rd:27: Lost braces in \itemize; \value handles \item{}{} directly
  checkRd: (-1) rland.graph.Rd:28: Lost braces in \itemize; \value handles \item{}{} directly
  checkRd: (-1) rland.graph.Rd:29: Lost braces in \itemize; \value handles \item{}{} directly
  checkRd: (-1) rland.graph.Rd:30: Lost braces in \itemize; \value handles \item{}{} directly
  checkRd: (-1) rland.graph.Rd:31: Lost braces in \itemize; \value handles \item{}{} directly
  checkRd: (-1) rland.graph.Rd:32: Lost braces in \itemize; \value handles \item{}{} directly
  checkRd: (-1) rland.graph.Rd:33-34: Lost braces in \itemize; \value handles \item{}{} directly
Flavors: r-devel-windows-x86_64, r-patched-linux-x86_64, r-release-linux-x86_64, r-release-macos-arm64, r-release-macos-x86_64, r-release-windows-x86_64, r-oldrel-macos-arm64, r-oldrel-macos-x86_64, r-oldrel-windows-x86_64
Version: 2.0.0
Check: installed package size
Result: NOTE
    installed size is 14.4Mb
    sub-directories of 1Mb or more:
      data       3.0Mb
      examples  10.3Mb
Flavors: r-oldrel-macos-arm64, r-oldrel-macos-x86_64, r-oldrel-windows-x86_64