Last updated on 2025-05-04 03:50:58 CEST.
Flavor | Version | Tinstall | Tcheck | Ttotal | Status | Flags |
---|---|---|---|---|---|---|
r-devel-linux-x86_64-debian-clang | 0.5 | 7.64 | 77.22 | 84.86 | NOTE | |
r-devel-linux-x86_64-debian-gcc | 0.5 | 5.42 | 54.24 | 59.66 | NOTE | |
r-devel-linux-x86_64-fedora-clang | 0.5 | 134.50 | OK | |||
r-devel-linux-x86_64-fedora-gcc | 0.5 | 139.50 | OK | |||
r-devel-windows-x86_64 | 0.5 | 8.00 | 89.00 | 97.00 | NOTE | |
r-patched-linux-x86_64 | 0.5 | 7.63 | 73.48 | 81.11 | NOTE | |
r-release-linux-x86_64 | NOTE | |||||
r-release-macos-arm64 | 0.5 | 41.00 | OK | |||
r-release-macos-x86_64 | 0.5 | 84.00 | OK | |||
r-release-windows-x86_64 | 0.5 | 9.00 | 89.00 | 98.00 | NOTE | |
r-oldrel-macos-arm64 | 0.5 | 42.00 | OK | |||
r-oldrel-macos-x86_64 | 0.5 | 65.00 | OK | |||
r-oldrel-windows-x86_64 | 0.5 | 11.00 | 109.00 | 120.00 | OK |
Version: 0.5
Check: CRAN incoming feasibility
Result: NOTE
Maintainer: ‘Nesrine Farhani <nesrine.farhani@ird.fr>’
No Authors@R field in DESCRIPTION.
Please add one, modifying
Authors@R: c(person(given = "Julie",
family = "Carreau",
role = "aut"),
person(given = "Nesrine",
family = "Farhani",
role = c("aut", "cre"),
email = "nesrine.farhani@ird.fr"))
as necessary.
The URL field contains the following bad parts:
www.r-project.org
The URL field should be a list of URLs separated by commas or
whitespace.
Flavors: r-devel-linux-x86_64-debian-clang, r-devel-linux-x86_64-debian-gcc
Version: 0.5
Check: Rd cross-references
Result: NOTE
Found the following Rd file(s) with Rd \link{} targets missing package
anchors:
fit.lasso.Rd: glmnet, cv.glmnet
Please provide package anchors for all Rd \link{} targets not in the
package itself and the base packages.
Flavors: r-devel-linux-x86_64-debian-clang, r-devel-linux-x86_64-debian-gcc, r-devel-windows-x86_64, r-patched-linux-x86_64, r-release-linux-x86_64, r-release-windows-x86_64