Last updated on 2025-11-22 03:50:55 CET.
| Flavor | Version | Tinstall | Tcheck | Ttotal | Status | Flags |
|---|---|---|---|---|---|---|
| r-devel-linux-x86_64-debian-clang | 1.1.0 | 1.34 | 19.19 | 20.53 | NOTE | |
| r-devel-linux-x86_64-debian-gcc | 1.1.0 | 1.22 | 15.85 | 17.07 | NOTE | |
| r-devel-linux-x86_64-fedora-clang | 1.1.0 | 30.86 | OK | |||
| r-devel-windows-x86_64 | 1.1.0 | 5.00 | 38.00 | 43.00 | OK | |
| r-patched-linux-x86_64 | 1.1.0 | 1.59 | 18.03 | 19.62 | OK | |
| r-release-linux-x86_64 | 1.1.0 | 1.58 | 18.22 | 19.80 | OK | |
| r-release-macos-arm64 | 1.1.0 | OK | ||||
| r-release-macos-x86_64 | 1.1.0 | 1.00 | 22.00 | 23.00 | OK | |
| r-release-windows-x86_64 | 1.1.0 | 4.00 | 37.00 | 41.00 | OK | |
| r-oldrel-macos-arm64 | 1.1.0 | NOTE | ||||
| r-oldrel-macos-x86_64 | 1.1.0 | 1.00 | 19.00 | 20.00 | NOTE | |
| r-oldrel-windows-x86_64 | 1.1.0 | 2.00 | 40.00 | 42.00 | NOTE |
Version: 1.1.0
Check: CRAN incoming feasibility
Result: NOTE
Maintainer: ‘Erik-Jan van Kesteren <e.vankesteren1@uu.nl>’
No Authors@R field in DESCRIPTION.
Please add one, modifying
Authors@R: person(given = "Erik-Jan",
family = "van Kesteren",
role = c("aut", "cre"),
email = "e.vankesteren1@uu.nl")
as necessary.
Flavors: r-devel-linux-x86_64-debian-clang, r-devel-linux-x86_64-debian-gcc
Version: 1.1.0
Check: LazyData
Result: NOTE
'LazyData' is specified without a 'data' directory
Flavors: r-oldrel-macos-arm64, r-oldrel-macos-x86_64, r-oldrel-windows-x86_64