CRAN Package Check Results for Package MVNBayesian

Last updated on 2025-11-02 02:50:50 CET.

Flavor Version Tinstall Tcheck Ttotal Status Flags
r-devel-linux-x86_64-debian-clang 0.0.8-11 2.49 46.71 49.20 NOTE
r-devel-linux-x86_64-debian-gcc 0.0.8-11 2.03 30.55 32.58 NOTE
r-devel-linux-x86_64-fedora-clang 0.0.8-11 76.91 OK
r-devel-linux-x86_64-fedora-gcc 0.0.8-11 11.00 65.18 76.18 OK
r-devel-windows-x86_64 0.0.8-11 4.00 57.00 61.00 OK
r-patched-linux-x86_64 0.0.8-11 2.04 43.87 45.91 OK
r-release-linux-x86_64 0.0.8-11 1.98 43.72 45.70 OK
r-release-macos-arm64 0.0.8-11 1.00 22.00 23.00 OK
r-release-macos-x86_64 0.0.8-11 3.00 43.00 46.00 OK
r-release-windows-x86_64 0.0.8-11 3.00 58.00 61.00 OK
r-oldrel-macos-arm64 0.0.8-11 1.00 20.00 21.00 OK
r-oldrel-macos-x86_64 0.0.8-11 2.00 31.00 33.00 OK
r-oldrel-windows-x86_64 0.0.8-11 4.00 72.00 76.00 OK

Additional issues

donttest

Check Details

Version: 0.0.8-11
Check: CRAN incoming feasibility
Result: NOTE Maintainer: ‘ZHANG Chen <447974102@qq.com>’ No Authors@R field in DESCRIPTION. Please add one, modifying Authors@R: person(given = "ZHANG", family = "Chen", role = c("aut", "cre"), email = "447974102@qq.com") as necessary. Flavors: r-devel-linux-x86_64-debian-clang, r-devel-linux-x86_64-debian-gcc