Last updated on 2025-05-01 03:49:56 CEST.
Flavor | Version | Tinstall | Tcheck | Ttotal | Status | Flags |
---|---|---|---|---|---|---|
r-devel-linux-x86_64-debian-clang | 0.1.6 | 3.44 | 29.72 | 33.16 | NOTE | |
r-devel-linux-x86_64-debian-gcc | 0.1.6 | 2.28 | 22.71 | 24.99 | NOTE | |
r-devel-linux-x86_64-fedora-clang | 0.1.6 | 50.67 | OK | |||
r-devel-linux-x86_64-fedora-gcc | 0.1.6 | 48.84 | OK | |||
r-devel-windows-x86_64 | 0.1.6 | 4.00 | 51.00 | 55.00 | OK | |
r-patched-linux-x86_64 | 0.1.6 | 3.76 | 27.71 | 31.47 | OK | |
r-release-linux-x86_64 | 0.1.6 | 3.25 | 27.75 | 31.00 | OK | |
r-release-macos-arm64 | 0.1.6 | 21.00 | OK | |||
r-release-macos-x86_64 | 0.1.6 | 36.00 | OK | |||
r-release-windows-x86_64 | 0.1.6 | 5.00 | 52.00 | 57.00 | OK | |
r-oldrel-macos-arm64 | 0.1.6 | 17.00 | OK | |||
r-oldrel-macos-x86_64 | 0.1.6 | 26.00 | OK | |||
r-oldrel-windows-x86_64 | 0.1.6 | 5.00 | 56.00 | 61.00 | OK |
Version: 0.1.6
Check: CRAN incoming feasibility
Result: NOTE
Maintainer: ‘Henning Prömpers <henning@proempers.net>’
No Authors@R field in DESCRIPTION.
Please add one, modifying
Authors@R: c(person(given = "Henning",
family = "Prömpers",
role = c("aut", "cre"),
email = "henning@proempers.net"),
person(given = "André",
family = "Guimarães",
role = "aut"))
as necessary.
The BugReports field in DESCRIPTION has
https://github.com/alsguimaraes/MUS
which should likely be
https://github.com/alsguimaraes/MUS/issues
instead.
Flavors: r-devel-linux-x86_64-debian-clang, r-devel-linux-x86_64-debian-gcc