Last updated on 2025-05-01 03:49:56 CEST.
Flavor | Version | Tinstall | Tcheck | Ttotal | Status | Flags |
---|---|---|---|---|---|---|
r-devel-linux-x86_64-debian-clang | 1.2.1 | 45.69 | 150.96 | 196.65 | NOTE | |
r-devel-linux-x86_64-debian-gcc | 1.2.1 | 30.73 | 101.42 | 132.15 | NOTE | |
r-devel-linux-x86_64-fedora-clang | 1.2.1 | 358.22 | OK | |||
r-devel-linux-x86_64-fedora-gcc | 1.2.1 | 314.17 | OK | |||
r-devel-windows-x86_64 | 1.2.1 | 53.00 | 180.00 | 233.00 | OK | |
r-patched-linux-x86_64 | 1.2.1 | 49.33 | 145.75 | 195.08 | OK | |
r-release-linux-x86_64 | 1.2.1 | 45.64 | 144.87 | 190.51 | OK | |
r-release-macos-arm64 | 1.2.1 | 88.00 | OK | |||
r-release-macos-x86_64 | 1.2.1 | 195.00 | OK | |||
r-release-windows-x86_64 | 1.2.1 | 53.00 | 196.00 | 249.00 | OK | |
r-oldrel-macos-arm64 | 1.2.1 | 79.00 | NOTE | |||
r-oldrel-macos-x86_64 | 1.2.1 | 167.00 | NOTE | |||
r-oldrel-windows-x86_64 | 1.2.1 | 63.00 | 224.00 | 287.00 | OK |
Version: 1.2.1
Check: CRAN incoming feasibility
Result: NOTE
Maintainer: ‘Ruey S. Tsay <ruey.tsay@chicagobooth.edu>’
No Authors@R field in DESCRIPTION.
Please add one, modifying
Authors@R: c(person(given = c("Ruey", "S."),
family = "Tsay",
role = c("aut", "cre"),
email = "ruey.tsay@chicagobooth.edu"),
person(given = "David",
family = "Wood",
role = "aut"),
person(given = "Jon",
family = "Lachmann",
role = "ctb"))
as necessary.
Flavors: r-devel-linux-x86_64-debian-clang, r-devel-linux-x86_64-debian-gcc
Version: 1.2.1
Check: installed package size
Result: NOTE
installed size is 5.2Mb
sub-directories of 1Mb or more:
libs 4.3Mb
Flavors: r-oldrel-macos-arm64, r-oldrel-macos-x86_64