Last updated on 2025-05-17 03:49:12 CEST.
Flavor | Version | Tinstall | Tcheck | Ttotal | Status | Flags |
---|---|---|---|---|---|---|
r-devel-linux-x86_64-debian-clang | 0.3.3 | 30.79 | 223.95 | 254.74 | NOTE | |
r-devel-linux-x86_64-debian-gcc | 0.3.3 | 19.30 | 164.30 | 183.60 | NOTE | |
r-devel-linux-x86_64-fedora-clang | 0.3.3 | 417.86 | NOTE | |||
r-devel-linux-x86_64-fedora-gcc | 0.3.3 | 430.99 | NOTE | |||
r-devel-windows-x86_64 | 0.3.3 | 32.00 | 200.00 | 232.00 | NOTE | |
r-patched-linux-x86_64 | 0.3.3 | 31.56 | 212.47 | 244.03 | NOTE | |
r-release-linux-x86_64 | 0.3.3 | 26.31 | 213.98 | 240.29 | NOTE | |
r-release-macos-arm64 | 0.3.3 | 112.00 | NOTE | |||
r-release-macos-x86_64 | 0.3.3 | 219.00 | NOTE | |||
r-release-windows-x86_64 | 0.3.3 | 32.00 | 203.00 | 235.00 | NOTE | |
r-oldrel-macos-arm64 | 0.3.3 | 96.00 | NOTE | |||
r-oldrel-macos-x86_64 | 0.3.3 | 144.00 | NOTE | |||
r-oldrel-windows-x86_64 | 0.3.3 | 42.00 | 263.00 | 305.00 | NOTE |
Version: 0.3.3
Check: Rd files
Result: NOTE
checkRd: (-1) SignalProcessing.Rd:42: Lost braces; missing escapes or markup?
42 | \item{calibrateIntensity_method}{a \code{character} indicating the intensities calibration method used (\code{"TIC"} method by default). This calibration method can be remplaced by \code{"PQN"} or {"median"}.See \code{calibrateIntensity-methods} of the \code{MALDIquant} R package for details.}
| ^
Flavors: r-devel-linux-x86_64-debian-clang, r-devel-linux-x86_64-debian-gcc, r-devel-linux-x86_64-fedora-clang, r-devel-linux-x86_64-fedora-gcc, r-devel-windows-x86_64, r-patched-linux-x86_64, r-release-linux-x86_64, r-release-macos-arm64, r-release-macos-x86_64, r-release-windows-x86_64, r-oldrel-macos-arm64, r-oldrel-macos-x86_64, r-oldrel-windows-x86_64