Last updated on 2025-05-22 03:50:42 CEST.
Flavor | Version | Tinstall | Tcheck | Ttotal | Status | Flags |
---|---|---|---|---|---|---|
r-devel-linux-x86_64-debian-clang | 1.4.8 | 66.91 | 79.79 | 146.70 | NOTE | |
r-devel-linux-x86_64-debian-gcc | 1.4.8 | 48.14 | 60.02 | 108.16 | NOTE | |
r-devel-linux-x86_64-fedora-clang | 1.4.8 | 231.68 | OK | |||
r-devel-linux-x86_64-fedora-gcc | 1.4.8 | 239.59 | OK | |||
r-devel-windows-x86_64 | 1.4.8 | 70.00 | 107.00 | 177.00 | OK | |
r-patched-linux-x86_64 | 1.4.8 | 66.41 | 78.59 | 145.00 | OK | |
r-release-linux-x86_64 | 1.4.8 | 73.07 | 83.50 | 156.57 | OK | |
r-release-macos-arm64 | 1.4.8 | 104.00 | OK | |||
r-release-macos-x86_64 | 1.4.8 | 163.00 | OK | |||
r-release-windows-x86_64 | 1.4.8 | 71.00 | 122.00 | 193.00 | OK | |
r-oldrel-macos-arm64 | 1.4.8 | 81.00 | OK | |||
r-oldrel-macos-x86_64 | 1.4.8 | 112.00 | OK | |||
r-oldrel-windows-x86_64 | 1.4.8 | 90.00 | 104.00 | 194.00 | OK |
Version: 1.4.8
Check: CRAN incoming feasibility
Result: NOTE
Maintainer: ‘Yonghui Dong <yonghui.dong@gmail.com>’
No Authors@R field in DESCRIPTION.
Please add one, modifying
Authors@R: person(given = "Yonghui",
family = "Dong",
role = c("aut", "cre"),
email = "yonghui.dong@gmail.com")
as necessary.
The BugReports field in DESCRIPTION has
https://github.com/YonghuiDong/MSbox/issues/new
which should likely be
https://github.com/YonghuiDong/MSbox/issues/new/issues
instead.
Flavors: r-devel-linux-x86_64-debian-clang, r-devel-linux-x86_64-debian-gcc