Last updated on 2025-11-23 03:48:51 CET.
| Flavor | Version | Tinstall | Tcheck | Ttotal | Status | Flags |
|---|---|---|---|---|---|---|
| r-devel-linux-x86_64-debian-clang | 0.1.0 | 4.89 | 57.62 | 62.51 | NOTE | |
| r-devel-linux-x86_64-debian-gcc | 0.1.0 | 3.31 | 39.74 | 43.05 | NOTE | |
| r-devel-linux-x86_64-fedora-clang | 0.1.0 | 16.00 | 86.98 | 102.98 | NOTE | |
| r-devel-windows-x86_64 | 0.1.0 | 9.00 | 79.00 | 88.00 | NOTE | |
| r-patched-linux-x86_64 | 0.1.0 | 5.69 | 53.43 | 59.12 | NOTE | |
| r-release-linux-x86_64 | 0.1.0 | 4.43 | 52.76 | 57.19 | NOTE | |
| r-release-macos-arm64 | 0.1.0 | NOTE | ||||
| r-release-macos-x86_64 | 0.1.0 | 4.00 | 57.00 | 61.00 | NOTE | |
| r-release-windows-x86_64 | 0.1.0 | 8.00 | 83.00 | 91.00 | NOTE | |
| r-oldrel-macos-arm64 | 0.1.0 | NOTE | ||||
| r-oldrel-macos-x86_64 | 0.1.0 | 3.00 | 50.00 | 53.00 | NOTE | |
| r-oldrel-windows-x86_64 | 0.1.0 | 9.00 | 85.00 | 94.00 | NOTE |
Version: 0.1.0
Check: package subdirectories
Result: NOTE
Problems with news in ‘NEWS.md’:
No news entries found.
Flavors: r-devel-linux-x86_64-debian-clang, r-devel-linux-x86_64-debian-gcc, r-devel-linux-x86_64-fedora-clang, r-devel-windows-x86_64, r-patched-linux-x86_64, r-release-linux-x86_64, r-release-macos-arm64, r-release-macos-x86_64, r-release-windows-x86_64, r-oldrel-macos-arm64, r-oldrel-macos-x86_64, r-oldrel-windows-x86_64
Version: 0.1.0
Check: dependencies in R code
Result: NOTE
Namespace in Imports field not imported from: ‘utils’
All declared Imports should be used.
Flavor: r-devel-linux-x86_64-fedora-clang
Version: 0.1.0
Check: LazyData
Result: NOTE
'LazyData' is specified without a 'data' directory
Flavors: r-oldrel-macos-arm64, r-oldrel-macos-x86_64, r-oldrel-windows-x86_64