Last updated on 2025-05-02 03:51:15 CEST.
Flavor | Version | Tinstall | Tcheck | Ttotal | Status | Flags |
---|---|---|---|---|---|---|
r-devel-linux-x86_64-debian-clang | 0.1.5 | 14.20 | 118.26 | 132.46 | NOTE | |
r-devel-linux-x86_64-debian-gcc | 0.1.5 | 10.90 | 86.05 | 96.95 | NOTE | |
r-devel-linux-x86_64-fedora-clang | 0.1.5 | 198.04 | OK | |||
r-devel-linux-x86_64-fedora-gcc | 0.1.5 | 204.49 | OK | |||
r-devel-windows-x86_64 | 0.1.5 | 15.00 | 114.00 | 129.00 | OK | |
r-patched-linux-x86_64 | 0.1.5 | 13.44 | 112.93 | 126.37 | OK | |
r-release-linux-x86_64 | OK | |||||
r-release-macos-arm64 | 0.1.5 | 60.00 | OK | |||
r-release-macos-x86_64 | 0.1.5 | 116.00 | OK | |||
r-release-windows-x86_64 | 0.1.5 | 15.00 | 115.00 | 130.00 | OK | |
r-oldrel-macos-arm64 | 0.1.5 | 61.00 | OK | |||
r-oldrel-macos-x86_64 | 0.1.5 | 86.00 | OK | |||
r-oldrel-windows-x86_64 | 0.1.5 | 19.00 | 150.00 | 169.00 | OK |
Version: 0.1.5
Check: CRAN incoming feasibility
Result: NOTE
Maintainer: ‘Chainarong Amornbunchornvej <grandca@gmail.com>’
Package CITATION file contains call(s) to old-style personList() or
as.personList(). Please use c() on person objects instead.
Package CITATION file contains call(s) to old-style citEntry(). Please
use bibentry() instead.
Flavors: r-devel-linux-x86_64-debian-clang, r-devel-linux-x86_64-debian-gcc