Last updated on 2025-05-02 03:51:13 CEST.
Flavor | Version | Tinstall | Tcheck | Ttotal | Status | Flags |
---|---|---|---|---|---|---|
r-devel-linux-x86_64-debian-clang | 3.11.9 | 19.12 | 245.16 | 264.28 | NOTE | |
r-devel-linux-x86_64-debian-gcc | 3.11.9 | 13.76 | 168.41 | 182.17 | NOTE | |
r-devel-linux-x86_64-fedora-clang | 3.11.9 | 418.52 | OK | |||
r-devel-linux-x86_64-fedora-gcc | 3.11.9 | 411.06 | OK | |||
r-devel-windows-x86_64 | 3.11.9 | 20.00 | 284.00 | 304.00 | NOTE | |
r-patched-linux-x86_64 | 3.11.9 | 22.87 | 232.49 | 255.36 | NOTE | |
r-release-linux-x86_64 | NOTE | |||||
r-release-macos-arm64 | 3.11.9 | 153.00 | OK | |||
r-release-macos-x86_64 | 3.11.9 | 277.00 | OK | |||
r-release-windows-x86_64 | 3.11.9 | 21.00 | 283.00 | 304.00 | NOTE | |
r-oldrel-macos-arm64 | 3.11.9 | 105.00 | NOTE | |||
r-oldrel-macos-x86_64 | 3.11.9 | 210.00 | NOTE | |||
r-oldrel-windows-x86_64 | 3.11.9 | 28.00 | 359.00 | 387.00 | NOTE |
Version: 3.11.9
Check: Rd cross-references
Result: NOTE
Found the following Rd file(s) with Rd \link{} targets missing package
anchors:
MARSSFisherI.Rd: fdHess, nlme
Please provide package anchors for all Rd \link{} targets not in the
package itself and the base packages.
Flavors: r-devel-linux-x86_64-debian-clang, r-devel-linux-x86_64-debian-gcc, r-devel-windows-x86_64, r-patched-linux-x86_64, r-release-linux-x86_64, r-release-windows-x86_64
Version: 3.11.9
Check: examples
Result: NOTE
Examples with CPU (user + system) or elapsed time > 5s
user system elapsed
plot_marssResiduals 8.982 0.035 11.014
fitted_marssMLE 8.500 0.047 10.425
MARSS 5.853 0.098 6.605
predict_marssMLE 4.624 0.091 5.241
Flavor: r-devel-linux-x86_64-debian-clang
Version: 3.11.9
Check: package dependencies
Result: NOTE
Package suggested but not available for checking: ‘marssTMB’
Flavors: r-oldrel-macos-arm64, r-oldrel-macos-x86_64, r-oldrel-windows-x86_64