CRAN Package Check Results for Package LocKer

Last updated on 2025-05-02 03:51:13 CEST.

Flavor Version Tinstall Tcheck Ttotal Status Flags
r-devel-linux-x86_64-debian-clang 1.1 2.07 27.08 29.15 NOTE
r-devel-linux-x86_64-debian-gcc 1.1 1.73 21.33 23.06 OK
r-devel-linux-x86_64-fedora-clang 1.1 45.15 OK
r-devel-linux-x86_64-fedora-gcc 1.1 44.83 OK
r-devel-windows-x86_64 1.1 4.00 47.00 51.00 OK
r-patched-linux-x86_64 1.1 2.30 26.65 28.95 OK
r-release-linux-x86_64 OK
r-release-macos-arm64 1.1 20.00 OK
r-release-macos-x86_64 1.1 32.00 OK
r-release-windows-x86_64 1.1 4.00 49.00 53.00 OK
r-oldrel-macos-arm64 1.1 19.00 OK
r-oldrel-macos-x86_64 1.1 39.00 OK
r-oldrel-windows-x86_64 1.1 5.00 52.00 57.00 OK

Check Details

Version: 1.1
Check: examples
Result: NOTE Examples with CPU (user + system) or elapsed time > 5s user system elapsed LocKer 6.36 0.168 7.713 Flavor: r-devel-linux-x86_64-debian-clang