Last updated on 2025-05-15 03:51:42 CEST.
Flavor | Version | Tinstall | Tcheck | Ttotal | Status | Flags |
---|---|---|---|---|---|---|
r-devel-linux-x86_64-debian-clang | 2.1.2 | 3.67 | 60.93 | 64.60 | NOTE | |
r-devel-linux-x86_64-debian-gcc | 2.1.2 | 2.97 | 42.89 | 45.86 | NOTE | |
r-devel-linux-x86_64-fedora-clang | 2.1.2 | 112.60 | OK | |||
r-devel-linux-x86_64-fedora-gcc | 2.1.2 | 125.21 | OK | |||
r-devel-windows-x86_64 | 2.1.2 | 5.00 | 101.00 | 106.00 | OK | |
r-patched-linux-x86_64 | 2.1.2 | 3.70 | 58.40 | 62.10 | OK | |
r-release-linux-x86_64 | 2.1.2 | 4.15 | 58.29 | 62.44 | OK | |
r-release-macos-arm64 | 2.1.2 | 39.00 | OK | |||
r-release-macos-x86_64 | 2.1.2 | 85.00 | OK | |||
r-release-windows-x86_64 | 2.1.2 | 5.00 | 106.00 | 111.00 | OK | |
r-oldrel-macos-arm64 | 2.1.2 | 39.00 | OK | |||
r-oldrel-macos-x86_64 | 2.1.2 | 66.00 | OK | |||
r-oldrel-windows-x86_64 | 2.1.2 | 6.00 | 125.00 | 131.00 | OK |
Version: 2.1.2
Check: CRAN incoming feasibility
Result: NOTE
Maintainer: ‘Lisa Ouellette <louellet@uncc.edu>’
Package CITATION file contains call(s) to old-style personList() or
as.personList(). Please use c() on person objects instead.
Package CITATION file contains call(s) to old-style citEntry(). Please
use bibentry() instead.
Flavors: r-devel-linux-x86_64-debian-clang, r-devel-linux-x86_64-debian-gcc