CRAN Package Check Results for Package Laterality

Last updated on 2025-11-23 03:48:49 CET.

Flavor Version Tinstall Tcheck Ttotal Status Flags
r-devel-linux-x86_64-debian-clang 0.9.5 3.42 34.19 37.61 NOTE
r-devel-linux-x86_64-debian-gcc 0.9.5 2.41 25.53 27.94 NOTE
r-devel-linux-x86_64-fedora-clang 0.9.5 57.99 OK
r-devel-windows-x86_64 0.9.5 6.00 52.00 58.00 OK
r-patched-linux-x86_64 0.9.5 3.85 31.50 35.35 OK
r-release-linux-x86_64 0.9.5 2.89 31.53 34.42 OK
r-release-macos-arm64 0.9.5 OK
r-release-macos-x86_64 0.9.5 3.00 30.00 33.00 OK
r-release-windows-x86_64 0.9.5 5.00 60.00 65.00 OK
r-oldrel-macos-arm64 0.9.5 OK
r-oldrel-macos-x86_64 0.9.5 5.00 47.00 52.00 OK
r-oldrel-windows-x86_64 0.9.5 6.00 62.00 68.00 OK

Check Details

Version: 0.9.5
Check: CRAN incoming feasibility
Result: NOTE Maintainer: ‘Antony Borel <antony.borel@gmail.com>’ No Authors@R field in DESCRIPTION. Please add one, modifying Authors@R: c(person(given = "Borel", family = "A.", role = "aut"), person(given = "Pouydebat", family = "E.", role = "aut"), person(given = "Reghem", family = "E.", role = "aut"), person(given = "Antony", family = "Borel", role = "cre", email = "antony.borel@gmail.com")) as necessary. Flavors: r-devel-linux-x86_64-debian-clang, r-devel-linux-x86_64-debian-gcc