CRAN Package Check Results for Package LLM

Last updated on 2025-05-01 03:49:54 CEST.

Flavor Version Tinstall Tcheck Ttotal Status Flags
r-devel-linux-x86_64-debian-clang 1.1.0 13.61 123.14 136.75 NOTE
r-devel-linux-x86_64-debian-gcc 1.1.0 10.90 93.23 104.13 OK
r-devel-linux-x86_64-fedora-clang 1.1.0 210.94 OK
r-devel-linux-x86_64-fedora-gcc 1.1.0 201.47 OK
r-devel-windows-x86_64 1.1.0 15.00 120.00 135.00 OK
r-patched-linux-x86_64 1.1.0 13.80 118.57 132.37 OK
r-release-linux-x86_64 1.1.0 13.99 118.12 132.11 OK
r-release-macos-arm64 1.1.0 56.00 OK
r-release-macos-x86_64 1.1.0 120.00 OK
r-release-windows-x86_64 1.1.0 16.00 122.00 138.00 OK
r-oldrel-macos-arm64 1.1.0 61.00 NOTE
r-oldrel-macos-x86_64 1.1.0 93.00 NOTE
r-oldrel-windows-x86_64 1.1.0 18.00 150.00 168.00 NOTE

Check Details

Version: 1.1.0
Check: examples
Result: NOTE Examples with CPU (user + system) or elapsed time > 5s user system elapsed llm.cv 9.931 0.139 11.996 Flavor: r-devel-linux-x86_64-debian-clang

Version: 1.1.0
Check: examples
Result: NA user system elapsed llm.cv 6.94 0.14 8.296 OK Flavor: r-devel-linux-x86_64-debian-gcc

Version: 1.1.0
Check: LazyData
Result: NOTE 'LazyData' is specified without a 'data' directory Flavors: r-oldrel-macos-arm64, r-oldrel-macos-x86_64, r-oldrel-windows-x86_64