CRAN Package Check Results for Package LFDR.MLE

Last updated on 2025-05-04 03:50:57 CEST.

Flavor Version Tinstall Tcheck Ttotal Status Flags
r-devel-linux-x86_64-debian-clang 1.0.1 2.62 25.69 28.31 NOTE
r-devel-linux-x86_64-debian-gcc 1.0.1 1.80 20.41 22.21 NOTE
r-devel-linux-x86_64-fedora-clang 1.0.1 44.67 OK
r-devel-linux-x86_64-fedora-gcc 1.0.1 45.15 OK
r-devel-windows-x86_64 1.0.1 3.00 52.00 55.00 OK
r-patched-linux-x86_64 1.0.1 2.89 24.88 27.77 OK
r-release-linux-x86_64 OK
r-release-macos-arm64 1.0.1 18.00 OK
r-release-macos-x86_64 1.0.1 30.00 OK
r-release-windows-x86_64 1.0.1 4.00 52.00 56.00 OK
r-oldrel-macos-arm64 1.0.1 18.00 OK
r-oldrel-macos-x86_64 1.0.1 25.00 OK
r-oldrel-windows-x86_64 1.0.1 3.00 52.00 55.00 OK

Check Details

Version: 1.0.1
Check: CRAN incoming feasibility
Result: NOTE Maintainer: ‘M. Padilla <padilla.mpf@gmail.com>’ No Authors@R field in DESCRIPTION. Please add one, modifying Authors@R: c(person(given = "Ye", family = "Yang", role = "aut"), person(given = "Marta", family = "Padilla", role = "aut"), person(given = "Alaa", family = "Ali", role = "aut"), person(given = "Kyle", family = "Leckett", role = "aut"), person(given = "Zhenyu", family = "Yang", role = "aut"), person(given = "Zuojing", family = "Li", role = "aut"), person(given = c("Corey", "M."), family = "Yanofsky", role = "aut"), person(given = c("David", "R."), family = "Bickel", role = "aut"), person(given = "M.", family = "Padilla", role = "cre", email = "padilla.mpf@gmail.com")) as necessary. Flavors: r-devel-linux-x86_64-debian-clang, r-devel-linux-x86_64-debian-gcc