Last updated on 2025-05-02 03:51:12 CEST.
Flavor | Version | Tinstall | Tcheck | Ttotal | Status | Flags |
---|---|---|---|---|---|---|
r-devel-linux-x86_64-debian-clang | 2.0 | 2.80 | 41.71 | 44.51 | NOTE | |
r-devel-linux-x86_64-debian-gcc | 2.0 | 1.79 | 30.17 | 31.96 | NOTE | |
r-devel-linux-x86_64-fedora-clang | 2.0 | 74.83 | OK | |||
r-devel-linux-x86_64-fedora-gcc | 2.0 | 66.20 | OK | |||
r-devel-windows-x86_64 | 2.0 | 5.00 | 63.00 | 68.00 | OK | |
r-patched-linux-x86_64 | 2.0 | 2.71 | 41.18 | 43.89 | OK | |
r-release-linux-x86_64 | OK | |||||
r-release-macos-arm64 | 2.0 | 25.00 | OK | |||
r-release-macos-x86_64 | 2.0 | 43.00 | OK | |||
r-release-windows-x86_64 | 2.0 | 5.00 | 63.00 | 68.00 | OK | |
r-oldrel-macos-arm64 | 2.0 | 24.00 | OK | |||
r-oldrel-macos-x86_64 | 2.0 | 53.00 | OK | |||
r-oldrel-windows-x86_64 | 2.0 | 6.00 | 69.00 | 75.00 | OK |
Version: 2.0
Check: CRAN incoming feasibility
Result: NOTE
Maintainer: ‘Rou Zhong <zhong_rou@163.com>’
The Description field contains
Shishi Liu, Haocheng Li, Jingxiao Zhang. (2021) <arXiv:2102.01286>. Rou
Please refer to arXiv e-prints via their arXiv DOI <doi:10.48550/arXiv.YYMM.NNNNN>.
Flavors: r-devel-linux-x86_64-debian-clang, r-devel-linux-x86_64-debian-gcc
Version: 2.0
Check: examples
Result: NOTE
Examples with CPU (user + system) or elapsed time > 5s
user system elapsed
FPCscoreLSE 5.138 0.274 7.235
KFPCA 3.855 0.021 5.283
Flavor: r-devel-linux-x86_64-debian-clang