Last updated on 2025-05-02 03:51:12 CEST.
Flavor | Version | Tinstall | Tcheck | Ttotal | Status | Flags |
---|---|---|---|---|---|---|
r-devel-linux-x86_64-debian-clang | 1.0 | 1.59 | 18.92 | 20.51 | NOTE | |
r-devel-linux-x86_64-debian-gcc | 1.0 | 1.51 | 15.43 | 16.94 | NOTE | |
r-devel-linux-x86_64-fedora-clang | 1.0 | 34.82 | OK | |||
r-devel-linux-x86_64-fedora-gcc | 1.0 | 32.47 | OK | |||
r-devel-windows-x86_64 | 1.0 | 3.00 | 42.00 | 45.00 | OK | |
r-patched-linux-x86_64 | 1.0 | 2.00 | 18.31 | 20.31 | OK | |
r-release-linux-x86_64 | OK | |||||
r-release-macos-arm64 | 1.0 | 16.00 | OK | |||
r-release-macos-x86_64 | 1.0 | 23.00 | OK | |||
r-release-windows-x86_64 | 1.0 | 3.00 | 47.00 | 50.00 | OK | |
r-oldrel-macos-arm64 | 1.0 | 15.00 | OK | |||
r-oldrel-macos-x86_64 | 1.0 | 20.00 | OK | |||
r-oldrel-windows-x86_64 | 1.0 | 3.00 | 42.00 | 45.00 | OK |
Version: 1.0
Check: CRAN incoming feasibility
Result: NOTE
Maintainer: ‘Ashwini Maurya <mauryaas@msu.edu>’
No Authors@R field in DESCRIPTION.
Please add one, modifying
Authors@R: person(given = "Ashwini",
family = "Maurya",
role = c("aut", "cre"),
email = "mauryaas@msu.edu")
as necessary.
Flavors: r-devel-linux-x86_64-debian-clang, r-devel-linux-x86_64-debian-gcc