Last updated on 2025-05-03 03:52:01 CEST.
Flavor | Version | Tinstall | Tcheck | Ttotal | Status | Flags |
---|---|---|---|---|---|---|
r-devel-linux-x86_64-debian-clang | 0.8-85 | 126.22 | 202.00 | 328.22 | NOTE | |
r-devel-linux-x86_64-debian-gcc | 0.8-85 | 90.11 | 139.18 | 229.29 | NOTE | |
r-devel-linux-x86_64-fedora-clang | 0.8-85 | 550.73 | NOTE | |||
r-devel-linux-x86_64-fedora-gcc | 0.8-85 | 513.35 | NOTE | |||
r-devel-windows-x86_64 | 0.8-85 | 117.00 | 196.00 | 313.00 | NOTE | |
r-patched-linux-x86_64 | 0.8-85 | 123.23 | 193.13 | 316.36 | NOTE | |
r-release-linux-x86_64 | NOTE | |||||
r-release-macos-arm64 | 0.8-85 | 106.00 | NOTE | |||
r-release-macos-x86_64 | 0.8-85 | 184.00 | NOTE | |||
r-release-windows-x86_64 | 0.8-85 | 117.00 | 198.00 | 315.00 | NOTE | |
r-oldrel-macos-arm64 | 0.8-85 | 112.00 | NOTE | |||
r-oldrel-macos-x86_64 | 0.8-85 | 159.00 | NOTE | |||
r-oldrel-windows-x86_64 | 0.8-85 | 148.00 | 262.00 | 410.00 | NOTE |
Version: 0.8-85
Check: CRAN incoming feasibility
Result: NOTE
Maintainer: ‘Dimitris Rizopoulos <d.rizopoulos@erasmusmc.nl>’
No Authors@R field in DESCRIPTION.
Please add one, modifying
Authors@R: person(given = "Dimitris",
family = "Rizopoulos",
role = c("aut", "cre"),
email = "d.rizopoulos@erasmusmc.nl")
as necessary.
Flavors: r-devel-linux-x86_64-debian-clang, r-devel-linux-x86_64-debian-gcc
Version: 0.8-85
Check: C++ specification
Result: NOTE
Specified C++11: please drop specification unless essential
Flavors: r-devel-linux-x86_64-debian-clang, r-devel-linux-x86_64-debian-gcc, r-devel-linux-x86_64-fedora-clang, r-devel-linux-x86_64-fedora-gcc, r-devel-windows-x86_64, r-patched-linux-x86_64, r-release-linux-x86_64, r-release-macos-arm64, r-release-macos-x86_64, r-release-windows-x86_64, r-oldrel-macos-arm64, r-oldrel-macos-x86_64, r-oldrel-windows-x86_64
Version: 0.8-85
Check: installed package size
Result: NOTE
installed size is 8.3Mb
sub-directories of 1Mb or more:
libs 7.2Mb
Flavors: r-oldrel-macos-arm64, r-oldrel-macos-x86_64