CRAN Package Check Results for Package JFM

Last updated on 2025-05-01 03:49:53 CEST.

Flavor Version Tinstall Tcheck Ttotal Status Flags
r-devel-linux-x86_64-debian-clang 1.0 25.79 68.19 93.98 NOTE
r-devel-linux-x86_64-debian-gcc 1.0 21.19 52.27 73.46 NOTE
r-devel-linux-x86_64-fedora-clang 1.0 163.94 NOTE
r-devel-linux-x86_64-fedora-gcc 1.0 146.91 NOTE
r-devel-windows-x86_64 1.0 38.00 102.00 140.00 NOTE
r-patched-linux-x86_64 1.0 26.71 65.06 91.77 NOTE
r-release-linux-x86_64 1.0 26.12 65.27 91.39 NOTE
r-release-macos-arm64 1.0 45.00 NOTE
r-release-macos-x86_64 1.0 103.00 NOTE
r-release-windows-x86_64 1.0 37.00 103.00 140.00 NOTE
r-oldrel-macos-arm64 1.0 41.00 NOTE
r-oldrel-macos-x86_64 1.0 87.00 NOTE
r-oldrel-windows-x86_64 1.0 41.00 129.00 170.00 NOTE

Check Details

Version: 1.0
Check: C++ specification
Result: NOTE Specified C++11: please drop specification unless essential Flavors: r-devel-linux-x86_64-debian-clang, r-devel-linux-x86_64-debian-gcc, r-devel-linux-x86_64-fedora-clang, r-devel-linux-x86_64-fedora-gcc, r-devel-windows-x86_64, r-patched-linux-x86_64, r-release-linux-x86_64, r-release-macos-arm64, r-release-macos-x86_64, r-release-windows-x86_64, r-oldrel-macos-arm64, r-oldrel-macos-x86_64, r-oldrel-windows-x86_64

Version: 1.0
Check: examples
Result: NOTE Examples with CPU (user + system) or elapsed time > 5s user system elapsed compute_plane_normal 1.212 0.08 5.455 Flavor: r-devel-linux-x86_64-debian-clang

Version: 1.0
Check: examples
Result: NA user system elapsed compute_plane_normal 0.776 0.104 5.174 OK Flavor: r-devel-linux-x86_64-debian-gcc

Version: 1.0
Check: installed package size
Result: NOTE installed size is 7.4Mb sub-directories of 1Mb or more: extdata 5.5Mb libs 1.7Mb Flavors: r-oldrel-macos-arm64, r-oldrel-macos-x86_64, r-oldrel-windows-x86_64