CRAN Package Check Results for Package Iso

Last updated on 2025-11-06 03:48:41 CET.

Flavor Version Tinstall Tcheck Ttotal Status Flags
r-devel-linux-x86_64-debian-clang 0.0-21 3.50 28.07 31.57 NOTE
r-devel-linux-x86_64-debian-gcc 0.0-21 2.48 22.58 25.06 NOTE
r-devel-linux-x86_64-fedora-clang 0.0-21 11.00 36.50 47.50 OK
r-devel-linux-x86_64-fedora-gcc 0.0-21 55.17 OK
r-devel-windows-x86_64 0.0-21 7.00 57.00 64.00 OK
r-patched-linux-x86_64 0.0-21 2.89 26.73 29.62 OK
r-release-linux-x86_64 0.0-21 2.88 26.58 29.46 OK
r-release-macos-arm64 0.0-21 3.00 25.00 28.00 OK
r-release-macos-x86_64 0.0-21 4.00 45.00 49.00 OK
r-release-windows-x86_64 0.0-21 7.00 57.00 64.00 OK
r-oldrel-macos-arm64 0.0-21 3.00 33.00 36.00 OK
r-oldrel-macos-x86_64 0.0-21 3.00 34.00 37.00 OK
r-oldrel-windows-x86_64 0.0-21 9.00 63.00 72.00 OK

Check Details

Version: 0.0-21
Check: CRAN incoming feasibility
Result: NOTE Maintainer: ‘Rolf Turner <rolfturner@posteo.net>’ No Authors@R field in DESCRIPTION. Please add one, modifying Authors@R: person(given = "Rolf", family = "Turner", role = c("aut", "cre"), email = "rolfturner@posteo.net") as necessary. Flavors: r-devel-linux-x86_64-debian-clang, r-devel-linux-x86_64-debian-gcc