Last updated on 2025-11-04 03:50:54 CET.
| Flavor | Version | Tinstall | Tcheck | Ttotal | Status | Flags | 
|---|---|---|---|---|---|---|
| r-devel-linux-x86_64-debian-clang | 1.6 | 12.72 | 104.56 | 117.28 | OK | |
| r-devel-linux-x86_64-debian-gcc | 1.6 | 9.85 | 78.56 | 88.41 | OK | |
| r-devel-linux-x86_64-fedora-clang | 1.6 | 47.00 | 152.23 | 199.23 | NOTE | |
| r-devel-linux-x86_64-fedora-gcc | 1.6 | 24.00 | 162.10 | 186.10 | NOTE | |
| r-devel-windows-x86_64 | 1.6 | 13.00 | 99.00 | 112.00 | OK | |
| r-patched-linux-x86_64 | 1.6 | 12.44 | 101.22 | 113.66 | OK | |
| r-release-linux-x86_64 | 1.6 | 11.84 | 100.18 | 112.02 | OK | |
| r-release-macos-arm64 | 1.6 | 6.00 | 53.00 | 59.00 | OK | |
| r-release-macos-x86_64 | 1.6 | 21.00 | 108.00 | 129.00 | OK | |
| r-release-windows-x86_64 | 1.6 | 13.00 | 98.00 | 111.00 | OK | |
| r-oldrel-macos-arm64 | 1.6 | 5.00 | 48.00 | 53.00 | OK | |
| r-oldrel-macos-x86_64 | 1.6 | 8.00 | 66.00 | 74.00 | OK | |
| r-oldrel-windows-x86_64 | 1.6 | 16.00 | 122.00 | 138.00 | OK | 
Version: 1.6
Check: dependencies in R code
Result: NOTE
  Namespace in Imports field not imported from: ‘svglite’
    All declared Imports should be used.
Flavors: r-devel-linux-x86_64-fedora-clang, r-devel-linux-x86_64-fedora-gcc