Last updated on 2025-05-01 03:49:53 CEST.
Flavor | Version | Tinstall | Tcheck | Ttotal | Status | Flags |
---|---|---|---|---|---|---|
r-devel-linux-x86_64-debian-clang | 1.0.5 | 2.91 | 210.06 | 212.97 | NOTE | |
r-devel-linux-x86_64-debian-gcc | 1.0.5 | 2.11 | 136.20 | 138.31 | NOTE | |
r-devel-linux-x86_64-fedora-clang | 1.0.5 | 358.15 | OK | |||
r-devel-linux-x86_64-fedora-gcc | 1.0.5 | 377.94 | OK | |||
r-devel-windows-x86_64 | 1.0.5 | 4.00 | 206.00 | 210.00 | OK | |
r-patched-linux-x86_64 | 1.0.5 | 2.95 | 202.24 | 205.19 | OK | |
r-release-linux-x86_64 | 1.0.5 | 2.85 | 197.58 | 200.43 | OK | |
r-release-macos-arm64 | 1.0.5 | 121.00 | OK | |||
r-release-macos-x86_64 | 1.0.5 | 224.00 | OK | |||
r-release-windows-x86_64 | 1.0.5 | 5.00 | 207.00 | 212.00 | OK | |
r-oldrel-macos-arm64 | 1.0.5 | 100.00 | NOTE | |||
r-oldrel-macos-x86_64 | 1.0.5 | 151.00 | NOTE | |||
r-oldrel-windows-x86_64 | 1.0.5 | 4.00 | 278.00 | 282.00 | NOTE |
Version: 1.0.5
Check: CRAN incoming feasibility
Result: NOTE
Maintainer: ‘Minyu Wang <minyu.wang@petermac.org>’
No Authors@R field in DESCRIPTION.
Please add one, modifying
Authors@R: c(person(given = c("Minyu", "Wang,Yu", "Sun,Yu-Kuan"),
family = "Huang",
role = "aut"),
person(given = "Minyu",
family = "Wang",
role = "cre",
email = "minyu.wang@petermac.org"))
as necessary.
Flavors: r-devel-linux-x86_64-debian-clang, r-devel-linux-x86_64-debian-gcc
Version: 1.0.5
Check: LazyData
Result: NOTE
'LazyData' is specified without a 'data' directory
Flavors: r-oldrel-macos-arm64, r-oldrel-macos-x86_64, r-oldrel-windows-x86_64