Last updated on 2025-05-23 03:49:54 CEST.
Flavor | Version | Tinstall | Tcheck | Ttotal | Status | Flags |
---|---|---|---|---|---|---|
r-devel-linux-x86_64-debian-clang | 0.1.2 | 2.08 | 26.13 | 28.21 | NOTE | |
r-devel-linux-x86_64-debian-gcc | 0.1.2 | 1.72 | 20.42 | 22.14 | NOTE | |
r-devel-linux-x86_64-fedora-clang | 0.1.2 | 48.16 | OK | |||
r-devel-linux-x86_64-fedora-gcc | 0.1.2 | 63.75 | OK | |||
r-devel-windows-x86_64 | 0.1.2 | 3.00 | 48.00 | 51.00 | OK | |
r-patched-linux-x86_64 | 0.1.2 | 2.48 | 24.61 | 27.09 | OK | |
r-release-linux-x86_64 | 0.1.2 | 1.70 | 24.69 | 26.39 | OK | |
r-release-macos-arm64 | 0.1.2 | 27.00 | OK | |||
r-release-macos-x86_64 | 0.1.2 | 47.00 | OK | |||
r-release-windows-x86_64 | 0.1.2 | 4.00 | 50.00 | 54.00 | OK | |
r-oldrel-macos-arm64 | 0.1.2 | 24.00 | OK | |||
r-oldrel-macos-x86_64 | 0.1.2 | 36.00 | OK | |||
r-oldrel-windows-x86_64 | 0.1.2 | 4.00 | 53.00 | 57.00 | OK |
Version: 0.1.2
Check: CRAN incoming feasibility
Result: NOTE
Maintainer: ‘Ana Perez-Gonzalez <anapg@uvigo.es>’
No Authors@R field in DESCRIPTION.
Please add one, modifying
Authors@R: c(person(given = c("Ana", "Maria"),
family = "Bianco",
role = "aut"),
person(given = "Graciela",
family = "Boente",
role = "aut"),
person(given = "Ana",
family = "Perez-Gonzalez",
role = c("aut", "cre"),
email = "anapg@uvigo.es"))
as necessary.
Flavors: r-devel-linux-x86_64-debian-clang, r-devel-linux-x86_64-debian-gcc