Last updated on 2025-05-02 03:51:11 CEST.
Flavor | Version | Tinstall | Tcheck | Ttotal | Status | Flags |
---|---|---|---|---|---|---|
r-devel-linux-x86_64-debian-clang | 1.2.1 | 7.63 | 80.45 | 88.08 | NOTE | |
r-devel-linux-x86_64-debian-gcc | 1.2.1 | 6.27 | 57.88 | 64.15 | OK | |
r-devel-linux-x86_64-fedora-clang | 1.2.1 | 136.78 | OK | |||
r-devel-linux-x86_64-fedora-gcc | 1.2.1 | 126.84 | OK | |||
r-devel-windows-x86_64 | 1.2.1 | 9.00 | 85.00 | 94.00 | OK | |
r-patched-linux-x86_64 | 1.2.1 | 6.81 | 76.34 | 83.15 | OK | |
r-release-linux-x86_64 | OK | |||||
r-release-macos-arm64 | 1.2.1 | 40.00 | OK | |||
r-release-macos-x86_64 | 1.2.1 | 66.00 | OK | |||
r-release-windows-x86_64 | 1.2.1 | 9.00 | 92.00 | 101.00 | OK | |
r-oldrel-macos-arm64 | 1.2.1 | 42.00 | OK | |||
r-oldrel-macos-x86_64 | 1.2.1 | 55.00 | OK | |||
r-oldrel-windows-x86_64 | 1.2.1 | 11.00 | 108.00 | 119.00 | OK |
Version: 1.2.1
Check: examples
Result: NOTE
Examples with CPU (user + system) or elapsed time > 5s
user system elapsed
testIAD_mpfr 6.632 0.04 8.504
Flavor: r-devel-linux-x86_64-debian-clang