Last updated on 2025-11-15 03:50:14 CET.
| Flavor | Version | Tinstall | Tcheck | Ttotal | Status | Flags |
|---|---|---|---|---|---|---|
| r-devel-linux-x86_64-debian-clang | 0.1.1 | 29.02 | 273.75 | 302.77 | OK | |
| r-devel-linux-x86_64-debian-gcc | 0.1.1 | 21.71 | 194.17 | 215.88 | OK | |
| r-devel-linux-x86_64-fedora-clang | 0.1.1 | 141.00 | 362.03 | 503.03 | OK | |
| r-devel-linux-x86_64-fedora-gcc | 0.1.1 | 144.00 | 344.86 | 488.86 | OK | |
| r-devel-windows-x86_64 | 0.1.1 | 35.00 | 241.00 | 276.00 | OK | |
| r-patched-linux-x86_64 | 0.1.1 | 28.65 | 259.46 | 288.11 | OK | |
| r-release-linux-x86_64 | 0.1.1 | 28.52 | 258.81 | 287.33 | OK | |
| r-release-macos-arm64 | 0.1.1 | 16.00 | 127.00 | 143.00 | OK | |
| r-release-macos-x86_64 | 0.1.1 | 31.00 | 224.00 | 255.00 | OK | |
| r-release-windows-x86_64 | 0.1.1 | 31.00 | 232.00 | 263.00 | OK | |
| r-oldrel-macos-arm64 | 0.1.1 | 13.00 | 108.00 | 121.00 | NOTE | |
| r-oldrel-macos-x86_64 | 0.1.1 | 21.00 | 191.00 | 212.00 | NOTE | |
| r-oldrel-windows-x86_64 | 0.1.1 | 44.00 | 330.00 | 374.00 | NOTE |
Version: 0.1.1
Check: package dependencies
Result: NOTE
Package suggested but not available for checking: ‘microViz’
Flavors: r-oldrel-macos-arm64, r-oldrel-macos-x86_64, r-oldrel-windows-x86_64