Last updated on 2025-11-04 03:50:53 CET.
| Flavor | Version | Tinstall | Tcheck | Ttotal | Status | Flags | 
|---|---|---|---|---|---|---|
| r-devel-linux-x86_64-debian-clang | 5.2-4 | 49.46 | 334.53 | 383.99 | NOTE | |
| r-devel-linux-x86_64-debian-gcc | 5.2-4 | 30.62 | 206.99 | 237.61 | NOTE | |
| r-devel-linux-x86_64-fedora-clang | 5.2-4 | 245.00 | 400.51 | 645.51 | NOTE | |
| r-devel-linux-x86_64-fedora-gcc | 5.2-4 | 106.00 | 432.48 | 538.48 | NOTE | |
| r-devel-windows-x86_64 | 5.2-4 | 57.00 | 364.00 | 421.00 | NOTE | |
| r-patched-linux-x86_64 | 5.2-4 | 65.43 | 313.76 | 379.19 | NOTE | |
| r-release-linux-x86_64 | 5.2-4 | 52.80 | 315.13 | 367.93 | NOTE | |
| r-release-macos-arm64 | 5.2-4 | 23.00 | 107.00 | 130.00 | NOTE | |
| r-release-macos-x86_64 | 5.2-4 | 55.00 | 283.00 | 338.00 | NOTE | |
| r-release-windows-x86_64 | 5.2-4 | 60.00 | 364.00 | 424.00 | NOTE | |
| r-oldrel-macos-arm64 | 5.2-4 | 24.00 | 110.00 | 134.00 | NOTE | |
| r-oldrel-macos-x86_64 | 5.2-4 | 54.00 | 234.00 | 288.00 | NOTE | |
| r-oldrel-windows-x86_64 | 5.2-4 | 88.00 | 481.00 | 569.00 | NOTE | 
Version: 5.2-4
Check: R code for possible problems
Result: NOTE
  Fdebug: multiple local function definitions for ‘deb’ with different
    formal arguments
  html_describe_con: multiple local function definitions for ‘g’ with
    different formal arguments
Flavors: r-devel-linux-x86_64-debian-clang, r-devel-linux-x86_64-debian-gcc, r-devel-linux-x86_64-fedora-clang, r-devel-linux-x86_64-fedora-gcc, r-devel-windows-x86_64, r-patched-linux-x86_64, r-release-linux-x86_64, r-release-macos-arm64, r-release-macos-x86_64, r-release-windows-x86_64, r-oldrel-macos-arm64, r-oldrel-macos-x86_64, r-oldrel-windows-x86_64
Version: 5.2-4
Check: installed package size
Result: NOTE
    installed size is  5.1Mb
    sub-directories of 1Mb or more:
      R      2.0Mb
      help   2.3Mb
Flavor: r-oldrel-macos-x86_64