Last updated on 2025-07-15 03:50:08 CEST.
Flavor | Version | Tinstall | Tcheck | Ttotal | Status | Flags |
---|---|---|---|---|---|---|
r-devel-linux-x86_64-debian-clang | 0.1.38 | 56.10 | 368.91 | 425.01 | OK | |
r-devel-linux-x86_64-debian-gcc | 0.1.38 | 36.71 | 280.01 | 316.72 | OK | |
r-devel-linux-x86_64-fedora-clang | 0.1.38 | 656.89 | NOTE | |||
r-devel-linux-x86_64-fedora-gcc | 0.1.38 | 603.56 | NOTE | |||
r-devel-windows-x86_64 | 0.1.38 | 51.00 | 324.00 | 375.00 | OK | |
r-patched-linux-x86_64 | 0.1.38 | 50.89 | 346.30 | 397.19 | OK | |
r-release-linux-x86_64 | 0.1.38 | 49.97 | 347.87 | 397.84 | OK | |
r-release-macos-arm64 | 0.1.38 | 5.00 | ERROR | |||
r-release-macos-x86_64 | 0.1.38 | 6.00 | ERROR | |||
r-release-windows-x86_64 | 0.1.38 | 54.00 | 322.00 | 376.00 | OK | |
r-oldrel-macos-arm64 | 0.1.38 | 9.00 | ERROR | |||
r-oldrel-macos-x86_64 | 0.1.38 | 12.00 | ERROR | |||
r-oldrel-windows-x86_64 | 0.1.38 | 73.00 | 455.00 | 528.00 | OK |
Version: 0.1.38
Check: dependencies in R code
Result: NOTE
Namespaces in Imports field not imported from:
‘BiocGenerics’ ‘TxDb.Hsapiens.UCSC.hg38.knownGene’
‘TxDb.Mmusculus.UCSC.mm10.knownGene’ ‘biomaRt’ ‘ggraph’
‘org.Hs.eg.db’ ‘org.Mm.eg.db’
All declared Imports should be used.
Flavors: r-devel-linux-x86_64-fedora-clang, r-devel-linux-x86_64-fedora-gcc
Version: 0.1.38
Check: package dependencies
Result: ERROR
Packages required but not available:
'TxDb.Hsapiens.UCSC.hg38.knownGene',
'TxDb.Mmusculus.UCSC.mm10.knownGene', 'org.Mm.eg.db', 'org.Hs.eg.db'
See section ‘The DESCRIPTION file’ in the ‘Writing R Extensions’
manual.
Flavor: r-release-macos-arm64
Version: 0.1.38
Check: package dependencies
Result: ERROR
Packages required but not available:
'TxDb.Hsapiens.UCSC.hg38.knownGene',
'TxDb.Mmusculus.UCSC.mm10.knownGene', 'org.Mm.eg.db'
See section ‘The DESCRIPTION file’ in the ‘Writing R Extensions’
manual.
Flavors: r-release-macos-x86_64, r-oldrel-macos-arm64
Version: 0.1.38
Check: package dependencies
Result: ERROR
Packages required but not available:
'TxDb.Hsapiens.UCSC.hg38.knownGene',
'TxDb.Mmusculus.UCSC.mm10.knownGene'
See section ‘The DESCRIPTION file’ in the ‘Writing R Extensions’
manual.
Flavor: r-oldrel-macos-x86_64