Last updated on 2025-05-05 03:50:22 CEST.
Flavor | Version | Tinstall | Tcheck | Ttotal | Status | Flags |
---|---|---|---|---|---|---|
r-devel-linux-x86_64-debian-clang | 1.4 | 3.15 | 25.69 | 28.84 | NOTE | |
r-devel-linux-x86_64-debian-gcc | 1.4 | 2.15 | 20.28 | 22.43 | NOTE | |
r-devel-linux-x86_64-fedora-clang | 1.4 | 44.99 | OK | |||
r-devel-linux-x86_64-fedora-gcc | 1.4 | 43.14 | OK | |||
r-devel-windows-x86_64 | 1.4 | 4.00 | 43.00 | 47.00 | OK | |
r-patched-linux-x86_64 | 1.4 | 3.02 | 24.91 | 27.93 | OK | |
r-release-linux-x86_64 | 1.4 | 2.64 | 24.85 | 27.49 | OK | |
r-release-macos-arm64 | 1.4 | 22.00 | OK | |||
r-release-macos-x86_64 | 1.4 | 29.00 | OK | |||
r-release-windows-x86_64 | 1.4 | 4.00 | 45.00 | 49.00 | OK | |
r-oldrel-macos-arm64 | 1.4 | 18.00 | NOTE | |||
r-oldrel-macos-x86_64 | 1.4 | 26.00 | NOTE | |||
r-oldrel-windows-x86_64 | 1.4 | 6.00 | 50.00 | 56.00 | NOTE |
Version: 1.4
Check: CRAN incoming feasibility
Result: NOTE
Maintainer: ‘Cristian Yones <cyones@sinc.unl.edu.ar>’
No Authors@R field in DESCRIPTION.
Please add one, modifying
Authors@R: person(given = "Cristian",
family = "Yones",
role = c("aut", "cre"),
email = "cyones@sinc.unl.edu.ar")
as necessary.
Flavors: r-devel-linux-x86_64-debian-clang, r-devel-linux-x86_64-debian-gcc
Version: 1.4
Check: LazyData
Result: NOTE
'LazyData' is specified without a 'data' directory
Flavors: r-oldrel-macos-arm64, r-oldrel-macos-x86_64, r-oldrel-windows-x86_64