Last updated on 2025-11-27 03:50:16 CET.
| Flavor | Version | Tinstall | Tcheck | Ttotal | Status | Flags |
|---|---|---|---|---|---|---|
| r-devel-linux-x86_64-debian-clang | 1.2.3 | 2.62 | 30.79 | 33.41 | NOTE | |
| r-devel-linux-x86_64-debian-gcc | 1.2.3 | 2.43 | 24.50 | 26.93 | NOTE | |
| r-devel-linux-x86_64-fedora-clang | 1.2.3 | 47.91 | OK | |||
| r-devel-linux-x86_64-fedora-gcc | 1.2.3 | 47.01 | OK | |||
| r-devel-windows-x86_64 | 1.2.3 | 3.00 | 49.00 | 52.00 | OK | |
| r-patched-linux-x86_64 | 1.2.3 | 3.47 | 28.50 | 31.97 | OK | |
| r-release-linux-x86_64 | 1.2.3 | 3.04 | 28.37 | 31.41 | OK | |
| r-release-macos-arm64 | 1.2.3 | OK | ||||
| r-release-macos-x86_64 | 1.2.3 | 4.00 | 29.00 | 33.00 | OK | |
| r-release-windows-x86_64 | 1.2.3 | 4.00 | 50.00 | 54.00 | OK | |
| r-oldrel-macos-arm64 | 1.2.3 | OK | ||||
| r-oldrel-macos-x86_64 | 1.2.3 | 2.00 | 29.00 | 31.00 | OK | |
| r-oldrel-windows-x86_64 | 1.2.3 | 5.00 | 50.00 | 55.00 | OK |
Version: 1.2.3
Check: CRAN incoming feasibility
Result: NOTE
Maintainer: ‘Sergio Venturini <sergio.venturini@unicatt.it>’
No Authors@R field in DESCRIPTION.
Please add one, modifying
Authors@R: person(given = "Sergio",
family = "Venturini",
role = c("aut", "cre"),
email = "sergio.venturini@unicatt.it")
as necessary.
Flavors: r-devel-linux-x86_64-debian-clang, r-devel-linux-x86_64-debian-gcc