Last updated on 2025-05-03 03:51:59 CEST.
Flavor | Version | Tinstall | Tcheck | Ttotal | Status | Flags |
---|---|---|---|---|---|---|
r-devel-linux-x86_64-debian-clang | 1.1-20 | 3.29 | 160.38 | 163.67 | NOTE | |
r-devel-linux-x86_64-debian-gcc | 1.1-20 | 2.34 | 128.77 | 131.11 | NOTE | |
r-devel-linux-x86_64-fedora-clang | 1.1-21 | 272.26 | OK | |||
r-devel-linux-x86_64-fedora-gcc | 1.1-20 | 282.06 | OK | |||
r-devel-windows-x86_64 | 1.1-20 | 5.00 | 94.00 | 99.00 | OK | --no-vignettes |
r-patched-linux-x86_64 | 1.1-20 | 3.99 | 157.19 | 161.18 | OK | |
r-release-linux-x86_64 | OK | |||||
r-release-macos-arm64 | 1.1-21 | 179.00 | OK | |||
r-release-macos-x86_64 | 1.1-21 | 300.00 | OK | |||
r-release-windows-x86_64 | 1.1-21 | 11.00 | 47.00 | 58.00 | OK | --no-vignettes |
r-oldrel-macos-arm64 | 1.1-21 | 164.00 | OK | |||
r-oldrel-macos-x86_64 | 1.1-21 | 319.00 | OK | |||
r-oldrel-windows-x86_64 | 1.1-20 | 7.00 | 79.00 | 86.00 | OK | --no-vignettes |
Version: 1.1-20
Check: CRAN incoming feasibility
Result: NOTE
Maintainer: ‘Torsten Hothorn <Torsten.Hothorn@R-project.org>’
No Authors@R field in DESCRIPTION.
Please add one, modifying
Authors@R: c(person(given = c("Brian", "S."),
family = "Everitt",
role = "aut"),
person(given = "Torsten",
family = "Hothorn",
role = c("aut", "cre"),
email = "torsten.hothorn@r-project.org"))
as necessary.
Flavors: r-devel-linux-x86_64-debian-clang, r-devel-linux-x86_64-debian-gcc