Last updated on 2025-05-04 03:50:55 CEST.
Flavor | Version | Tinstall | Tcheck | Ttotal | Status | Flags |
---|---|---|---|---|---|---|
r-devel-linux-x86_64-debian-clang | 1.0.6-1 | 21.88 | 45.75 | 67.63 | NOTE | |
r-devel-linux-x86_64-debian-gcc | 1.0.6-1 | 15.37 | 34.82 | 50.19 | NOTE | |
r-devel-linux-x86_64-fedora-clang | 1.0.6-1 | 115.81 | NOTE | |||
r-devel-linux-x86_64-fedora-gcc | 1.0.6-1 | 110.93 | NOTE | |||
r-devel-windows-x86_64 | 1.0.6-1 | 28.00 | 88.00 | 116.00 | NOTE | |
r-patched-linux-x86_64 | 1.0.6-1 | 20.83 | 43.34 | 64.17 | NOTE | |
r-release-linux-x86_64 | NOTE | |||||
r-release-macos-arm64 | 1.0.6-1 | 46.00 | NOTE | |||
r-release-macos-x86_64 | 1.0.6-1 | 69.00 | NOTE | |||
r-release-windows-x86_64 | 1.0.6-1 | 27.00 | 88.00 | 115.00 | NOTE | |
r-oldrel-macos-arm64 | 1.0.6-1 | 41.00 | NOTE | |||
r-oldrel-macos-x86_64 | 1.0.6-1 | 51.00 | NOTE | |||
r-oldrel-windows-x86_64 | 1.0.6-1 | 32.00 | 104.00 | 136.00 | NOTE |
Version: 1.0.6-1
Check: CRAN incoming feasibility
Result: NOTE
Maintainer: ‘Jarrett D. Phillips <phillipsjarrett1@gmail.com>’
No Authors@R field in DESCRIPTION.
Please add one, modifying
Authors@R: c(person(given = c("Jarrett", "D."),
family = "Phillips",
role = c("aut", "cre"),
email = "phillipsjarrett1@gmail.com"),
person(given = c("Steven", "H."),
family = "French",
role = "ctb"),
person(given = "Navdeep",
family = "Singh",
role = "ctb"))
as necessary.
Flavors: r-devel-linux-x86_64-debian-clang, r-devel-linux-x86_64-debian-gcc
Version: 1.0.6-1
Check: C++ specification
Result: NOTE
Specified C++11: please drop specification unless essential
Flavors: r-devel-linux-x86_64-debian-clang, r-devel-linux-x86_64-debian-gcc, r-devel-linux-x86_64-fedora-clang, r-devel-linux-x86_64-fedora-gcc, r-devel-windows-x86_64, r-patched-linux-x86_64, r-release-linux-x86_64, r-release-macos-arm64, r-release-macos-x86_64, r-release-windows-x86_64, r-oldrel-macos-arm64, r-oldrel-macos-x86_64, r-oldrel-windows-x86_64
Version: 1.0.6-1
Check: installed package size
Result: NOTE
installed size is 5.8Mb
sub-directories of 1Mb or more:
libs 1.5Mb
shiny 4.3Mb
Flavors: r-oldrel-macos-arm64, r-oldrel-macos-x86_64, r-oldrel-windows-x86_64