Last updated on 2025-05-06 03:51:03 CEST.
Flavor | Version | Tinstall | Tcheck | Ttotal | Status | Flags |
---|---|---|---|---|---|---|
r-devel-linux-x86_64-debian-clang | 2.1.7 | 65.55 | 270.70 | 336.25 | NOTE | |
r-devel-linux-x86_64-debian-gcc | 2.1.7 | 53.38 | 197.30 | 250.68 | WARN | |
r-devel-linux-x86_64-fedora-clang | 2.1.7 | 579.20 | NOTE | |||
r-devel-linux-x86_64-fedora-gcc | 2.1.7 | 584.15 | NOTE | |||
r-devel-windows-x86_64 | 2.1.7 | 83.00 | 289.00 | 372.00 | WARN | |
r-patched-linux-x86_64 | 2.1.7 | 65.02 | 268.48 | 333.50 | NOTE | |
r-release-linux-x86_64 | 2.1.7 | 67.09 | 271.26 | 338.35 | NOTE | |
r-release-macos-arm64 | 2.1.7 | 139.00 | NOTE | |||
r-release-macos-x86_64 | 2.1.7 | 294.00 | NOTE | |||
r-release-windows-x86_64 | 2.1.7 | 94.00 | 285.00 | 379.00 | NOTE | |
r-oldrel-macos-arm64 | 2.1.7 | 81.00 | NOTE | |||
r-oldrel-macos-x86_64 | 2.1.7 | 149.00 | NOTE | |||
r-oldrel-windows-x86_64 | 2.1.7 | 106.00 | 375.00 | 481.00 | NOTE |
Version: 2.1.7
Check: C++ specification
Result: NOTE
Specified C++14: please drop specification unless essential
Flavors: r-devel-linux-x86_64-debian-clang, r-devel-linux-x86_64-debian-gcc, r-devel-linux-x86_64-fedora-clang, r-devel-linux-x86_64-fedora-gcc, r-devel-windows-x86_64, r-patched-linux-x86_64, r-release-linux-x86_64, r-release-macos-arm64, r-release-macos-x86_64, r-release-windows-x86_64, r-oldrel-macos-arm64, r-oldrel-macos-x86_64, r-oldrel-windows-x86_64
Version: 2.1.7
Check: Rd files
Result: NOTE
checkRd: (-1) simulate_admixture.Rd:36: Lost braces
36 | \code{location}{ location of the marker under selection (in Morgan) }
| ^
checkRd: (-1) simulate_ancestry.Rd:49: Lost braces
49 | \code{location}{ location of the marker under selection (in Morgan) }
| ^
checkRd: (-1) simulate_ancestry_migration.Rd:59: Lost braces
59 | \code{location}{ location of the marker under selection (in Morgan) }
| ^
checkRd: (-1) simulate_sequence.Rd:51: Lost braces
51 | \code{location}{ location of the marker under selection (in Morgan) }
| ^
checkRd: (-1) simulate_sequence_migration.Rd:58: Lost braces
58 | \code{location}{ location of the marker under selection (in Morgan) }
| ^
Flavors: r-devel-linux-x86_64-debian-clang, r-devel-linux-x86_64-debian-gcc, r-devel-linux-x86_64-fedora-clang, r-devel-linux-x86_64-fedora-gcc, r-devel-windows-x86_64, r-patched-linux-x86_64, r-release-linux-x86_64, r-release-macos-arm64, r-release-macos-x86_64, r-release-windows-x86_64, r-oldrel-macos-arm64, r-oldrel-macos-x86_64, r-oldrel-windows-x86_64
Version: 2.1.7
Check: whether package can be installed
Result: WARN
Found the following significant warnings:
/usr/include/c++/14/bits/stl_algobase.h:452:30: warning: ‘void* __builtin_memmove(void*, const void*, long unsigned int)’ forming offset 8 is out of the bounds [0, 8] [-Warray-bounds=]
See ‘/home/hornik/tmp/R.check/r-devel-gcc/Work/PKGS/GenomeAdmixR.Rcheck/00install.out’ for details.
* used C++ compiler: ‘g++-14 (Debian 14.2.0-19) 14.2.0’
Flavor: r-devel-linux-x86_64-debian-gcc
Version: 2.1.7
Check: dependencies in R code
Result: NOTE
Namespace in Imports field not imported from: ‘methods’
All declared Imports should be used.
Flavors: r-devel-linux-x86_64-fedora-clang, r-devel-linux-x86_64-fedora-gcc
Version: 2.1.7
Check: whether package can be installed
Result: WARN
Found the following significant warnings:
D:/rtools45/x86_64-w64-mingw32.static.posix/lib/gcc/x86_64-w64-mingw32.static.posix/14.2.0/include/c++/bits/stl_algobase.h:452:30: warning: 'void* __builtin_memmove(void*, const void*, long long unsigned int)' forming offset 8 is out of the bounds [0, 8] [-Warray-bounds=]
See 'd:/Rcompile/CRANpkg/local/4.6/GenomeAdmixR.Rcheck/00install.out' for details.
* used C++ compiler: 'g++.exe (GCC) 14.2.0'
Flavor: r-devel-windows-x86_64
Version: 2.1.7
Check: installed package size
Result: NOTE
installed size is 6.8Mb
sub-directories of 1Mb or more:
doc 2.0Mb
libs 4.3Mb
Flavors: r-oldrel-macos-arm64, r-oldrel-macos-x86_64