Last updated on 2025-05-02 03:51:09 CEST.
Flavor | Version | Tinstall | Tcheck | Ttotal | Status | Flags |
---|---|---|---|---|---|---|
r-devel-linux-x86_64-debian-clang | 0.3.1 | 37.97 | 313.50 | 351.47 | NOTE | |
r-devel-linux-x86_64-debian-gcc | 0.3.1 | 27.57 | 183.96 | 211.53 | OK | |
r-devel-linux-x86_64-fedora-clang | 0.3.1 | 557.93 | OK | |||
r-devel-linux-x86_64-fedora-gcc | 0.3.1 | 441.53 | OK | |||
r-devel-windows-x86_64 | 0.3.1 | 37.00 | 310.00 | 347.00 | OK | |
r-patched-linux-x86_64 | 0.3.1 | 36.41 | 306.60 | 343.01 | OK | |
r-release-linux-x86_64 | OK | |||||
r-release-macos-arm64 | 0.3.1 | 176.00 | OK | |||
r-release-macos-x86_64 | 0.3.1 | 344.00 | OK | |||
r-release-windows-x86_64 | 0.3.1 | 36.00 | 319.00 | 355.00 | OK | |
r-oldrel-macos-arm64 | 0.3.1 | 208.00 | OK | |||
r-oldrel-macos-x86_64 | 0.3.1 | 387.00 | OK | |||
r-oldrel-windows-x86_64 | 0.3.1 | 42.00 | 368.00 | 410.00 | OK |
Version: 0.3.1
Check: examples
Result: NOTE
Examples with CPU (user + system) or elapsed time > 5s
user system elapsed
GGeDS 3.832 1.134 6.855
Flavor: r-devel-linux-x86_64-debian-clang