CRAN Package Check Results for Package GVARX

Last updated on 2025-05-02 03:51:10 CEST.

Flavor Version Tinstall Tcheck Ttotal Status Flags
r-devel-linux-x86_64-debian-clang 1.4 14.39 145.55 159.94 NOTE
r-devel-linux-x86_64-debian-gcc 1.4 9.42 105.21 114.63 NOTE
r-devel-linux-x86_64-fedora-clang 1.4 255.20 OK
r-devel-linux-x86_64-fedora-gcc 1.4 235.63 OK
r-devel-windows-x86_64 1.4 15.00 145.00 160.00 OK
r-patched-linux-x86_64 1.4 13.66 141.22 154.88 OK
r-release-linux-x86_64 OK
r-release-macos-arm64 1.4 84.00 OK
r-release-macos-x86_64 1.4 140.00 OK
r-release-windows-x86_64 1.4 17.00 147.00 164.00 OK
r-oldrel-macos-arm64 1.4 70.00 OK
r-oldrel-macos-x86_64 1.4 124.00 OK
r-oldrel-windows-x86_64 1.4 20.00 192.00 212.00 OK

Check Details

Version: 1.4
Check: CRAN incoming feasibility
Result: NOTE Maintainer: ‘Ho Tsung-wu <tsungwu@ntnu.edu.tw>’ No Authors@R field in DESCRIPTION. Please add one, modifying Authors@R: person(given = "Ho", family = "Tsung-wu", role = c("aut", "cre"), email = "tsungwu@ntnu.edu.tw") as necessary. Flavors: r-devel-linux-x86_64-debian-clang, r-devel-linux-x86_64-debian-gcc

Version: 1.4
Check: examples
Result: NOTE Examples with CPU (user + system) or elapsed time > 5s user system elapsed averageCORgvecm 4.181 0.141 5.042 GVECMest 3.739 0.100 5.023 GVARest 3.601 0.113 5.059 Flavor: r-devel-linux-x86_64-debian-clang