CRAN Package Check Results for Package GNSSseg

Last updated on 2025-05-05 03:50:21 CEST.

Flavor Version Tinstall Tcheck Ttotal Status Flags
r-devel-linux-x86_64-debian-clang 6.0 2.01 24.73 26.74 NOTE
r-devel-linux-x86_64-debian-gcc 6.0 1.95 18.96 20.91 NOTE
r-devel-linux-x86_64-fedora-clang 6.0 42.66 OK
r-devel-linux-x86_64-fedora-gcc 6.0 41.70 OK
r-devel-windows-x86_64 6.0 4.00 49.00 53.00 OK
r-patched-linux-x86_64 6.0 2.62 23.98 26.60 OK
r-release-linux-x86_64 6.0 2.64 23.63 26.27 OK
r-release-macos-arm64 6.0 21.00 OK
r-release-macos-x86_64 6.0 32.00 OK
r-release-windows-x86_64 6.0 3.00 51.00 54.00 OK
r-oldrel-macos-arm64 6.0 18.00 OK
r-oldrel-macos-x86_64 6.0 26.00 OK
r-oldrel-windows-x86_64 6.0 4.00 53.00 57.00 OK

Check Details

Version: 6.0
Check: CRAN incoming feasibility
Result: NOTE Maintainer: ‘Annarosa Quarello <quarello.annarosa@gmail.com>’ No Authors@R field in DESCRIPTION. Please add one, modifying Authors@R: c(person(given = "Annarosa", family = "Quarello", role = c("aut", "cre"), email = "quarello.annarosa@gmail.com"), person(given = "Emilie", family = "Lebarbier", role = "aut"), person(given = "Olivier", family = "Bock", role = "aut")) as necessary. The Description field contains <arXiv:2005.04683>. Please refer to arXiv e-prints via their arXiv DOI <doi:10.48550/arXiv.YYMM.NNNNN>. Flavors: r-devel-linux-x86_64-debian-clang, r-devel-linux-x86_64-debian-gcc