Last updated on 2025-05-03 03:51:58 CEST.
Flavor | Version | Tinstall | Tcheck | Ttotal | Status | Flags |
---|---|---|---|---|---|---|
r-devel-linux-x86_64-debian-clang | 1.0.1 | 7.11 | 79.23 | 86.34 | NOTE | |
r-devel-linux-x86_64-debian-gcc | 1.0.1 | 5.87 | 58.44 | 64.31 | NOTE | |
r-devel-linux-x86_64-fedora-clang | 1.0.1 | 135.80 | OK | |||
r-devel-linux-x86_64-fedora-gcc | 1.0.1 | 150.69 | OK | |||
r-devel-windows-x86_64 | 1.0.1 | 8.00 | 96.00 | 104.00 | OK | |
r-patched-linux-x86_64 | 1.0.1 | 8.02 | 75.32 | 83.34 | OK | |
r-release-linux-x86_64 | OK | |||||
r-release-macos-arm64 | 1.0.1 | 63.00 | OK | |||
r-release-macos-x86_64 | 1.0.1 | 105.00 | OK | |||
r-release-windows-x86_64 | 1.0.1 | 9.00 | 98.00 | 107.00 | OK | |
r-oldrel-macos-arm64 | 1.0.1 | 48.00 | OK | |||
r-oldrel-macos-x86_64 | 1.0.1 | 68.00 | OK | |||
r-oldrel-windows-x86_64 | 1.0.1 | 10.00 | 114.00 | 124.00 | OK |
Version: 1.0.1
Check: CRAN incoming feasibility
Result: NOTE
Maintainer: ‘Sydney Manning <sydney.manning@unthsc.edu>’
No Authors@R field in DESCRIPTION.
Please add one, modifying
Authors@R: c(person(given = "Zhengyang",
family = "Zhou",
role = "aut"),
person(given = "Sydney",
family = "Manning",
role = "cre",
email = "sydney.manning@unthsc.edu"))
as necessary.
Flavors: r-devel-linux-x86_64-debian-clang, r-devel-linux-x86_64-debian-gcc