Last updated on 2025-11-23 03:48:44 CET.
| Flavor | Version | Tinstall | Tcheck | Ttotal | Status | Flags |
|---|---|---|---|---|---|---|
| r-devel-linux-x86_64-debian-clang | 0.6.2 | 143.09 | 37.11 | 180.20 | NOTE | |
| r-devel-linux-x86_64-debian-gcc | 0.6.2 | 115.27 | 41.00 | 156.27 | NOTE | |
| r-devel-linux-x86_64-fedora-clang | 0.6.2 | 118.00 | 158.33 | 276.33 | OK | |
| r-devel-windows-x86_64 | 0.6.2 | 146.00 | 90.00 | 236.00 | OK | |
| r-patched-linux-x86_64 | 0.6.2 | 162.55 | 53.39 | 215.94 | OK | |
| r-release-linux-x86_64 | 0.6.2 | 157.57 | 53.30 | 210.87 | OK | |
| r-release-macos-arm64 | 0.6.2 | OK | ||||
| r-release-macos-x86_64 | 0.6.2 | 53.00 | 36.00 | 89.00 | OK | |
| r-release-windows-x86_64 | 0.6.2 | 138.00 | 95.00 | 233.00 | OK | |
| r-oldrel-macos-arm64 | 0.6.2 | NOTE | ||||
| r-oldrel-macos-x86_64 | 0.6.2 | 47.00 | 29.00 | 76.00 | NOTE | |
| r-oldrel-windows-x86_64 | 0.6.2 | 167.00 | 108.00 | 275.00 | OK |
Version: 0.6.2
Check: CRAN incoming feasibility
Result: NOTE
Maintainer: ‘Bin Wang <eatingbeen@hotmail.com>’
The Description field contains
and Jianhua Guo (2022) <arXiv:1911.00658>. This paper provides the
Please refer to arXiv e-prints via their arXiv DOI <doi:10.48550/arXiv.YYMM.NNNNN>.
Flavors: r-devel-linux-x86_64-debian-clang, r-devel-linux-x86_64-debian-gcc
Version: 0.6.2
Check: installed package size
Result: NOTE
installed size is 55.0Mb
sub-directories of 1Mb or more:
libs 54.8Mb
Flavors: r-oldrel-macos-arm64, r-oldrel-macos-x86_64