Last updated on 2025-05-02 03:51:09 CEST.
Flavor | Version | Tinstall | Tcheck | Ttotal | Status | Flags |
---|---|---|---|---|---|---|
r-devel-linux-x86_64-debian-clang | 2.3.2 | 8.00 | 63.69 | 71.69 | NOTE | |
r-devel-linux-x86_64-debian-gcc | 2.3.2 | 5.52 | 43.31 | 48.83 | NOTE | |
r-devel-linux-x86_64-fedora-clang | 2.3.2 | 113.58 | NOTE | |||
r-devel-linux-x86_64-fedora-gcc | 2.3.2 | 107.84 | NOTE | |||
r-devel-windows-x86_64 | 2.3.2 | 10.00 | 82.00 | 92.00 | NOTE | |
r-patched-linux-x86_64 | 2.3.2 | 9.20 | 60.12 | 69.32 | NOTE | |
r-release-linux-x86_64 | NOTE | |||||
r-release-macos-arm64 | 2.3.2 | 37.00 | NOTE | |||
r-release-macos-x86_64 | 2.3.2 | 73.00 | NOTE | |||
r-release-windows-x86_64 | 2.3.2 | 11.00 | 94.00 | 105.00 | NOTE | |
r-oldrel-macos-arm64 | 2.3.2 | 30.00 | NOTE | |||
r-oldrel-macos-x86_64 | 2.3.2 | 50.00 | NOTE | |||
r-oldrel-windows-x86_64 | 2.3.2 | 13.00 | 99.00 | 112.00 | NOTE |
Version: 2.3.2
Check: Rd files
Result: NOTE
checkRd: (-1) genmf.Rd:26: Lost braces; missing escapes or markup?
26 | \item 'gbellmf' is c(\code{a, b, c}), where \code{a} denotes the width, \code{b} is usually positive and {c} locates the center of the curve.
| ^
Flavors: r-devel-linux-x86_64-debian-clang, r-devel-linux-x86_64-debian-gcc, r-devel-linux-x86_64-fedora-clang, r-devel-linux-x86_64-fedora-gcc, r-devel-windows-x86_64, r-patched-linux-x86_64, r-release-linux-x86_64, r-release-macos-arm64, r-release-macos-x86_64, r-release-windows-x86_64, r-oldrel-macos-arm64, r-oldrel-macos-x86_64, r-oldrel-windows-x86_64
Version: 2.3.2
Check: examples
Result: NOTE
Examples with CPU (user + system) or elapsed time > 5s
user system elapsed
anfis.plotmf 5.469 0.036 7.194
anfis.optimise 5.430 0.058 7.428
Flavor: r-devel-linux-x86_64-debian-clang