Last updated on 2025-05-05 03:50:20 CEST.
Flavor | Version | Tinstall | Tcheck | Ttotal | Status | Flags |
---|---|---|---|---|---|---|
r-devel-linux-x86_64-debian-clang | 0.1.2 | 2.20 | 25.77 | 27.97 | NOTE | |
r-devel-linux-x86_64-debian-gcc | 0.1.2 | 1.66 | 19.17 | 20.83 | NOTE | |
r-devel-linux-x86_64-fedora-clang | 0.1.2 | 44.49 | OK | |||
r-devel-linux-x86_64-fedora-gcc | 0.1.2 | 42.35 | OK | |||
r-devel-windows-x86_64 | 0.1.2 | 3.00 | 48.00 | 51.00 | OK | |
r-patched-linux-x86_64 | 0.1.2 | 2.26 | 24.61 | 26.87 | OK | |
r-release-linux-x86_64 | 0.1.2 | 2.20 | 24.44 | 26.64 | OK | |
r-release-macos-arm64 | 0.1.2 | 18.00 | OK | |||
r-release-macos-x86_64 | 0.1.2 | 27.00 | OK | |||
r-release-windows-x86_64 | 0.1.2 | 3.00 | 48.00 | 51.00 | OK | |
r-oldrel-macos-arm64 | 0.1.2 | 16.00 | NOTE | |||
r-oldrel-macos-x86_64 | 0.1.2 | 23.00 | NOTE | |||
r-oldrel-windows-x86_64 | 0.1.2 | 3.00 | 54.00 | 57.00 | NOTE |
Version: 0.1.2
Check: CRAN incoming feasibility
Result: NOTE
Maintainer: ‘Yalin Zhu <yalin.zhu@outlook.com>’
No Authors@R field in DESCRIPTION.
Please add one, modifying
Authors@R: c(person(given = "Yalin",
family = "Zhu",
role = c("aut", "cre"),
email = "yalin.zhu@outlook.com"),
person(given = "Wenge",
family = "Guo",
role = "aut"))
as necessary.
Flavors: r-devel-linux-x86_64-debian-clang, r-devel-linux-x86_64-debian-gcc
Version: 0.1.2
Check: LazyData
Result: NOTE
'LazyData' is specified without a 'data' directory
Flavors: r-oldrel-macos-arm64, r-oldrel-macos-x86_64, r-oldrel-windows-x86_64